tamworth weather

 Latitude N 52 38' 53"    Longitude W 01 41' 24"    Elevation 84 m

NOAA Style Reports

The comparative data used are the 30-year (1971-2000) monthly averages from the Met Office Coleshill station, 11 miles due south of Tamworth.


Report for 2014 Jun
                   Monthly Climatological Summary for Jun 2014

Name: Tamworth Weather   City: Tamworth   County: Staffordshire   Country: UK
Elevation: 84 m  Lat: N 52 38' 53"   Lon: W 001 41' 24"

                  Temperature (C), Rain (mm), Wind Speed (mph)

                                      Heat  Cool        Avg
    Mean                              Deg   Deg         Wind                 Dom
Day Temp  High   Time   Low    Time   Days  Days  Rain  Speed High   Time    Dir
----------------------------------------------------------------------------------
 1  16.7  21.4   3:29p  12.4   5:56a   2.2   0.6   0.2   2.4  12.0   1:15p   SSW
 2  15.5  19.1   6:22p  12.3   7:37a   2.8   0.0   4.0   3.2  15.0   5:00p   SSW
 3  13.0  17.8   1:58p  10.4   6:17a   5.3   0.0   1.8   1.9  11.0   1:46p   WNW
 4  10.9  13.7   9:54a   9.0   6:37a   7.4   0.0   9.8   4.9  22.0   9:14a   WNW
 5  13.2  18.2   4:05p   6.3   5:09a   5.1   0.0   0.0   4.3  22.0  11:13a     W
 6  16.2  21.1   4:36p  11.6   5:19a   2.7   0.5   1.6   4.6  18.0   4:57p     E
 7  15.5  19.3   5:55p  12.3   4:41a   2.9   0.1   3.0   3.0  14.0   9:29a   SSW
 8  16.3  21.2   1:58p  11.9   5:27a   2.6   0.5   0.8   3.9  23.0   5:38p     S
 9  18.2  22.9   5:43p  13.4   5:17a   1.4   1.3   0.0   3.4  20.0   9:17a    SW
10  15.4  20.9   3:05p  12.1   2:28a   3.1   0.3   0.0   6.6  39.0   4:36p   SSW
11  15.9  20.3   6:12p  11.1   5:01a   2.6   0.3   0.0   2.7  13.0  10:12a     W
12  18.2  23.9   5:14p  12.2   5:15a   1.7   1.6   0.0   2.5  13.0   3:32p   WNW
13  19.1  25.7   3:37p  14.2   2:34a   1.5   2.3   1.2   3.1  11.0  11:14a   NNW
14  17.1  23.6   1:31p  12.4   4:04a   2.1   1.0   0.0   2.9  15.0   4:08p    NE
15  15.3  18.4   1:08p  12.4   4:31a   3.0   0.0   0.0   2.3  13.0   8:33a   NNE
16  15.0  19.7   5:46p  10.1   5:23a   3.3   0.1   0.0   4.2  16.0  12:59p   NNE
17  16.8  21.3   2:19p  12.7   4:47a   2.0   0.5   0.0   3.3  17.0   2:07p   NNE
18  18.2  25.6   6:02p  13.7   4:06a   1.6   1.5   0.0   3.0  16.0   5:51a   NNW
19  16.2  19.6   4:11p  13.7   4:27a   2.2   0.1   0.0   3.6  14.0  12:08p   ENE
20  17.3  25.9   5:19p  10.3   3:57a   2.8   1.8   0.0   3.8  14.0   7:57a    NW
21  16.9  23.0   5:25p  11.7   5:14a   2.3   0.9   0.0   3.9  15.0  10:17a   WNW
22  19.2  25.7   4:46p  13.4   5:10a   1.3   2.2   0.0   2.0  12.0   2:07p   NNW
23  18.5  25.3   4:04p  12.8   4:42a   1.9   2.1   0.0   4.2  15.0   4:13p    NW
24  15.2  21.8   5:02p   9.0   5:08a   3.7   0.6   0.0   3.6  21.0   5:45p     N
25  15.7  21.2   5:12p  11.7   2:57a   2.9   0.3   0.0   2.6  10.0  10:44a     E
26  14.8  19.1   4:26p  11.7   2:10a   3.5   0.0   2.0   4.8  15.0   5:27p   ENE
27  12.9  18.2   5:19p  10.6   4:41a   5.4   0.0  13.2   2.9  12.0   1:55p    NE
28  12.8  16.5   9:52a   9.7   5:00a   5.5   0.0   0.2   3.8  16.0   5:52p   NNE
29  13.6  18.4   3:46p   9.1   4:11a   4.7   0.0   0.2   2.1  14.0  10:58a   NNE
30  15.1  19.8   3:20p   9.3   5:12a   3.3   0.1   0.0   2.2  12.0   3:10p     E
----------------------------------------------------------------------------------
    15.8  25.9    20     6.3     5    92.8  18.7  38.0   3.4  39.0    10     NNW

Max >=  25.0:  5
Max <=   0.0:  0
Min <=   0.0:  0
Min <=  -2.0:  0
Max Rain: 13.2 on day 27
Days of Rain: 12 (>= 0.1 mm)  8 (>= 1.0 mm)  1 (>= 10.0 mm)
Heat Base: 18.3  Cool Base: 18.3  Method: Integration
:now::gauges::real time::current records::monthly records::all-time records::noaa report::trends::station::forum: