tamworth weather

 Latitude N 52 38' 53"    Longitude W 01 41' 24"    Elevation 84 m

NOAA Style Reports

The comparative data used are the 30-year (1971-2000) monthly averages from the Met Office Coleshill station, 11 miles due south of Tamworth.


Report for 2014 May
                   Monthly Climatological Summary for May 2014

Name: Tamworth Weather   City: Tamworth   County: Staffordshire   Country: UK
Elevation: 84 m  Lat: N 52 38' 53"   Lon: W 001 41' 24"

                  Temperature (C), Rain (mm), Wind Speed (mph)

                                      Heat  Cool        Avg
    Mean                              Deg   Deg         Wind                 Dom
Day Temp  High   Time   Low    Time   Days  Days  Rain  Speed High   Time    Dir
----------------------------------------------------------------------------------
 1   9.6  15.3  12:06p   6.6   2:46a   8.7   0.0   1.2   5.4  18.0   5:53p   NNE
 2   7.0  12.4   2:21p   0.8   5:59a  11.3   0.0   0.0   3.1  16.0  12:51p    NE
 3  11.0  17.7   4:25p   6.8   6:14a   7.3   0.0   0.0   2.8  10.0   1:48p   SSE
 4  11.8  16.5   5:15p   5.6   5:48a   6.5   0.0   0.0   3.9  14.0   1:05p     S
 5  13.0  17.7   4:18p  10.1  11:07p   5.3   0.0   3.2   6.2  21.0   1:16p     S
 6  12.4  16.7   2:19p   9.2   5:19a   5.9   0.0   0.0   6.5  21.0   3:41p    SW
 7  11.8  15.0   5:21p  10.0   5:15a   6.4   0.0   2.8   7.3  25.0   5:08p    SW
 8  12.2  14.6   3:14p  10.3  10:00a   6.0   0.0   2.8   6.9  26.0   7:58a   WSW
 9  12.3  15.3   4:49p   8.7   3:40a   6.0   0.0   3.2   8.4  31.0  10:32a   WSW
10  10.9  14.8   2:14p   8.4   6:34a   7.4   0.0   3.2   9.5  29.0   2:30p   WSW
11  10.7  13.3   4:03p   9.1   5:37a   7.6   0.0   0.0   8.3  30.0   4:28p     W
12  10.8  15.3   5:32p   8.3   5:20a   7.5   0.0   0.8   3.7  22.0   3:42p   WNW
13  11.6  17.0   2:15p   7.0   5:07a   6.7   0.0   0.2   4.4  22.0   4:38p   WNW
14  13.6  19.8   3:42p   8.1   5:33a   4.8   0.1   0.0   3.1  16.0  10:42a    NW
15  16.0  22.1   4:36p  10.6   5:11a   2.9   0.6   0.0   1.4   9.0  10:56a   NNW
16  16.5  21.2   3:13p  10.8   4:20a   2.6   0.8   0.0   2.1  10.0  11:48a   WSW
17  17.2  23.0   5:16p  10.8   6:07a   2.3   1.2   0.0   3.5  16.0   4:03p    SW
18  16.9  22.9   4:25p   9.8   4:35a   2.6   1.2   0.0   4.4  22.0   2:45p   SSE
19  17.9  24.2   4:08p  12.4   5:41a   2.2   1.8   0.8   5.1  23.0   3:24p     E
20  14.1  19.9   2:42p   8.7   5:21a   4.3   0.1   1.2   4.1  20.0   6:19p     S
21  14.7  21.2   3:23p   9.8   6:32a   3.8   0.3   6.4   2.6  13.0   6:36a   NNE
22  11.7  15.4   1:19p   9.7   9:14p   6.6   0.0  11.6   6.0  21.0   2:30a   ENE
23  10.8  14.6   2:43p   7.7   3:55a   7.5   0.0   3.0   4.4  23.0   3:44p     E
24  10.9  15.9   6:19p   8.4   2:25a   7.3   0.0  12.0   3.3  25.0   6:40p    SE
25  11.7  16.9   4:47p   5.7   5:08a   6.6   0.0   0.2   4.5  21.0  11:14a     S
26  12.0  14.3  12:02p  10.6   4:10a   6.3   0.0   1.4   2.5  11.0   9:34a    NE
27  11.3  14.8  11:25a   9.2   2:47a   7.0   0.0   5.4   5.0  18.0   3:37p   NNW
28  11.2  12.0   3:35p  10.3   5:17a   7.1   0.0   3.0   5.4  19.0  12:36p   NNE
29  11.4  14.1   4:22p   9.7   3:33a   6.9   0.0   0.2   5.8  18.0   4:42p    NE
30  12.7  14.9   3:23p  10.9   5:47a   5.6   0.0   0.0   2.5  14.0   1:32p   ENE
31  14.1  19.2   4:45p   7.8   5:08a   4.2   0.0   0.0   2.1  11.0   2:02p    NW
----------------------------------------------------------------------------------
    12.6  24.2    19     0.8     2   183.2   6.1  62.6   4.7  31.0     9      SW

Max >=  25.0:  0
Max <=   0.0:  0
Min <=   0.0:  0
Min <=  -2.0:  0
Max Rain: 12.0 on day 24
Days of Rain: 19 (>= 0.1 mm)  14 (>= 1.0 mm)  2 (>= 10.0 mm)
Heat Base: 18.3  Cool Base: 18.3  Method: Integration
:now::gauges::real time::current records::monthly records::all-time records::noaa report::trends::station::forum: