tamworth weather

 Latitude N 52 38' 53"    Longitude W 01 41' 24"    Elevation 84 m

NOAA Style Reports

The comparative data used are the 30-year (1971-2000) monthly averages from the Met Office Coleshill station, 11 miles due south of Tamworth.


Report for 2014 Apr
                   Monthly Climatological Summary for Apr 2014

Name: Tamworth Weather   City: Tamworth   County: Staffordshire   Country: UK
Elevation: 84 m  Lat: N 52 38' 53"   Lon: W 001 41' 24"

                  Temperature (C), Rain (mm), Wind Speed (mph)

                                      Heat  Cool        Avg
    Mean                              Deg   Deg         Wind                 Dom
Day Temp  High   Time   Low    Time   Days  Days  Rain  Speed High   Time    Dir
----------------------------------------------------------------------------------
 1  11.5  18.6   2:51p   8.7   6:58a   6.8   0.0   0.0   2.7  17.0   9:38a   ENE
 2   9.4  12.2   4:47p   7.6   6:19a   8.9   0.0   0.2   7.0  19.0   5:28p   ENE
 3   8.8   9.9   2:50p   7.8   2:51a   9.5   0.0   5.8   4.3  17.0   8:11p   NNE
 4  10.2  12.9   3:33p   7.3   5:00a   8.1   0.0   0.2   3.9  14.0  10:21a    SW
 5  12.8  14.3   4:33p  10.2  10:00a   5.5   0.0   1.0   7.3  25.0   8:38a     S
 6  12.9  15.1   1:11p  11.3   7:18a   5.4   0.0   2.2   7.9  28.0   1:07p   SSW
 7   9.1  14.3   3:42p   5.2   6:26a   9.2   0.0   2.8   7.2  24.0   3:31p   WSW
 8   8.8  11.9   3:42p   6.2   6:23a   9.5   0.0   0.0   6.5  24.0  11:04a   WSW
 9  10.1  15.1   2:35p   5.4   4:29a   8.2   0.0   0.0   4.1  17.0  12:58p     W
10   9.9  13.6  11:09a   5.4   3:45a   8.4   0.0   0.0   2.7  13.0  12:38p   WNW
11  10.3  15.9   1:46p   5.9   4:53a   8.0   0.0   0.0   3.0  14.0   8:35a   WNW
12   9.4  14.2   3:59p   5.8   6:00a   8.9   0.0   0.8   6.5  21.0  11:48a     W
13  10.0  14.3   4:33p   6.1   6:09a   8.3   0.0   0.0   8.0  25.0   8:56a   WNW
14   9.1  15.8   4:16p   2.4   6:13a   9.2   0.0   0.0   3.7  20.0  10:29a    NW
15   8.5  15.6   3:29p   1.7   6:15a   9.8   0.0   0.0   3.0  16.0   9:59a   ESE
16  11.5  16.6   4:59p   7.0   6:20a   6.8   0.0   0.0   5.3  18.0   3:40p   SSW
17   8.6  13.2   1:43p   3.4   6:07a   9.6   0.0   0.0   5.7  20.0  12:00p   WNW
18   7.6  14.6   3:53p   1.3   5:57a  10.7   0.0   0.0   2.6  17.0  12:31p    NE
19   8.2  13.3   5:30p   5.2  12:43a  10.0   0.0   0.0   6.1  20.0   9:41a    NE
20  10.2  13.1   5:31p   6.9   3:42a   8.1   0.0   1.2   6.7  29.0   6:29p    NE
21  12.1  18.7   3:39p   9.1   3:58a   6.2   0.0   1.4   5.7  21.0   6:10p    NE
22  11.1  14.5   5:08p   7.3   5:41a   7.1   0.0   0.0   4.1  15.0   8:16a     S
23  10.9  15.6  12:36p   7.4   5:11a   7.4   0.0   0.8   4.4  22.0  12:52p   SSE
24  11.2  15.3   5:01p   8.0   7:17a   7.1   0.0   0.0   3.0  15.0   8:33a   ENE
25   9.1  11.7   9:59a   7.1   3:10a   9.2   0.0   8.8   4.0  22.0   6:53a   ESE
26  10.2  15.3   2:58p   6.4   4:14a   8.1   0.0   0.0   7.6  28.0   5:50p   ESE
27  10.5  14.7  12:15p   6.7   4:57a   7.8   0.0   0.6   4.8  19.0  12:11p    NE
28  12.1  18.1   2:00p   8.8   5:02a   6.2   0.0   0.0   3.0  13.0   1:33p   ENE
29  12.8  16.5   1:30p  10.2  10:00a   5.5   0.0   0.0   1.7  10.0   3:22p   ESE
30  13.5  18.2   2:50p  10.3   5:04a   4.8   0.0   0.0   3.0  16.0   3:57p     S
----------------------------------------------------------------------------------
    10.3  18.7    21     1.3    18   238.3   0.0  25.8   4.9  29.0    20       S

Max >=  25.0:  0
Max <=   0.0:  0
Min <=   0.0:  0
Min <=  -2.0:  0
Max Rain: 8.8 on day 25
Days of Rain: 12 (>= 0.1 mm)  7 (>= 1.0 mm)  0 (>= 10.0 mm)
Heat Base: 18.3  Cool Base: 18.3  Method: Integration
:now::gauges::real time::current records::monthly records::all-time records::noaa report::trends::station::forum: