tamworth weather

 Latitude N 52 38' 53"    Longitude W 01 41' 24"    Elevation 84 m

NOAA Style Reports

The comparative data used are the 30-year (1971-2000) monthly averages from the Met Office Coleshill station, 11 miles due south of Tamworth.


Report for 2014 Mar
                   Monthly Climatological Summary for Mar 2014

Name: Tamworth Weather   City: Tamworth   County: Staffordshire   Country: UK
Elevation: 84 m  Lat: N 52 38' 53"   Lon: W 001 41' 24"

                  Temperature (C), Rain (mm), Wind Speed (mph)

                                      Heat  Cool        Avg
    Mean                              Deg   Deg         Wind                 Dom
Day Temp  High   Time   Low    Time   Days  Days  Rain  Speed High   Time    Dir
----------------------------------------------------------------------------------
 1   5.9   8.8  11:20a   2.1   9:00a  12.4   0.0   0.0   3.9  21.0   8:50a   SSW
 2   5.8   8.7  12:30p   1.8   6:57a  12.5   0.0   6.8   6.1  31.0   2:28p     S
 3   4.6   9.4   2:30p   1.0   4:01a  13.7   0.0   0.0   3.1  10.0   5:01a     S
 4   5.5  10.4   1:49p   0.6   5:04a  12.8   0.0   0.2   2.7  16.0  12:47p   WSW
 5   8.2  10.6   1:09p   3.5   9:00a  10.1   0.0   6.2   5.2  18.0  12:45a   SSW
 6   9.3  10.2   2:27p   7.6   9:00a   9.0   0.0   1.0   9.7  30.0   1:48a   SSW
 7   7.5  13.9   1:37p   2.3  11:56p  10.8   0.0   0.0   5.2  32.0   7:44a    SW
 8   9.8  14.9   3:45p   6.3   6:30a   8.5   0.0   0.0   6.4  26.0  12:12p     S
 9  11.6  18.4   2:54p   5.8   7:15a   6.7   0.0   0.0   4.1  16.0   4:02a   SSW
10   7.2  14.6  12:53p   3.2  10:54p  11.1   0.0   0.0   6.0  16.0   1:51a    NE
11   6.4  13.1   3:24p   2.8   6:21a  11.9   0.0   0.0   5.3  18.0   3:48p   ENE
12   5.4  11.9   4:43p   1.7   6:11a  12.9   0.0   0.2   1.3   9.0   9:00a   ENE
13   7.0  14.1   5:07p   1.4   5:20a  11.3   0.0   0.0   1.6   9.0  10:57a    NW
14   9.8  15.9   2:12p   3.4   9:00a   8.5   0.0   0.0   6.9  27.0  12:20a     W
15  10.6  14.9  12:26p   7.3   7:56a   7.6   0.0   0.0   7.5  25.0  10:28a   WNW
16  11.5  16.3   3:00p   8.7   6:57a   6.8   0.0   0.0   6.5  26.0   9:21a   WNW
17   9.7  14.3   1:12p   6.6   1:25a   8.5   0.0   0.0   5.9  21.0   8:53a   WSW
18   9.3  12.5  12:45p   6.9   6:21a   9.0   0.0   1.0   7.8  30.0  12:41p   WSW
19   9.8  14.8   3:59p   6.9   2:58a   8.4   0.0   0.2   8.4  32.0   8:19a   SSW
20   7.9  12.7   2:11p   3.8   6:30a  10.4   0.0   1.6   8.8  37.0   9:42a    SW
21   6.5  10.4   2:08p   2.7   6:22a  11.8   0.0   1.6   7.7  27.0  10:11p   SSW
22   4.9   8.9  12:55p   2.2   4:05a  13.4   0.0   1.2   6.6  26.0  10:02a   WSW
23   4.1   9.6   2:26p  -1.2   5:22a  14.2   0.0   0.4   4.6  26.0  11:48a   WNW
24   6.8  10.1   1:14p   5.0   3:12a  11.5   0.0   2.2   6.7  27.0   1:22p   SSE
25   4.9   7.6   4:55p   2.2   2:00a  13.4   0.0   1.6   3.1  14.0   2:50p    NE
26   4.5  10.2  12:22p   1.9   3:47a  13.8   0.0   1.4   3.0  24.0   2:43p    NE
27   4.3   8.8  12:42p   1.7   1:25a  14.0   0.0   5.2   3.6  24.0  12:49p   ENE
28   7.9  11.7   1:18p   5.6   2:03a  10.4   0.0   0.0   5.5  18.0   2:26p   ENE
29  11.1  16.9   2:14p   5.3   6:55a   7.2   0.0   0.0   6.0  23.0  12:31p     E
30  11.4  17.4   3:05p   6.8   6:24a   6.9   0.0   0.0   3.9  15.0   2:55p   ENE
31  11.6  16.7   3:56p   8.5  10:00a   6.7   0.0   2.0   1.8  10.0   5:30p   ESE
----------------------------------------------------------------------------------
     7.8  18.4     9    -1.2    23   326.2   0.0  32.8   5.3  37.0    20     SSW

Max >=  25.0:  0
Max <=   0.0:  0
Min <=   0.0:  1
Min <=  -2.0:  0
Max Rain: 6.8 on day 2
Days of Rain: 16 (>= 0.1 mm)  12 (>= 1.0 mm)  0 (>= 10.0 mm)
Heat Base: 18.3  Cool Base: 18.3  Method: Integration
:now::gauges::real time::current records::monthly records::all-time records::noaa report::trends::station::forum: