tamworth weather

 Latitude N 52 38' 53"    Longitude W 01 41' 24"    Elevation 84 m

NOAA Style Reports

The comparative data used are the 30-year (1971-2000) monthly averages from the Met Office Coleshill station, 11 miles due south of Tamworth.


Report for 2013 Dec
                   Monthly Climatological Summary for Dec 2013

Name: Tamworth Weather   City: Tamworth   County: Staffordshire   Country: UK
Elevation: 84 m  Lat: N 52 38' 53"   Lon: W 001 41' 24"

                  Temperature (C), Rain (mm), Wind Speed (mph)

                                      Heat  Cool        Avg
    Mean                              Deg   Deg         Wind                 Dom
Day Temp  High   Time   Low    Time   Days  Days  Rain  Speed High   Time    Dir
----------------------------------------------------------------------------------
 1   6.9  12.2   1:19p   4.8   8:51p  11.4   0.0   0.0   3.5  10.0  11:22a     N
 2   6.6   8.1  12:05p   5.2   7:46a  11.7   0.0   0.0   0.5   9.0   8:52a   SSW
 3   6.7   7.9   2:40a   5.3   9:00a  11.5   0.0   0.0   3.1  19.0   5:33a    SW
 4   5.3   8.5   1:01p   3.2   5:41a  13.0   0.0   0.0   5.3  34.0   7:36a   WSW
 5   5.2  10.6  12:49p   2.5   2:53a  12.9   0.0   1.6  11.2  53.0   1:49p   WNW
 6   6.0   7.6   2:02p   3.9   9:00a  12.3   0.0   0.4   5.0  20.0  12:30p     W
 7   7.1   8.9   1:57p   6.0  10:51p  11.2   0.0   0.0   4.7  21.0   1:44p    SW
 8   9.0  10.5   2:37p   7.4   9:00a   9.3   0.0   0.0   6.6  21.0  10:25a    SW
 9   6.6  10.3  11:49a   3.9   7:20a  11.6   0.0   0.0   4.6  13.0  10:47a     S
10   5.5   9.1   3:09p   2.2   4:54a  12.8   0.0   0.2   4.7  18.0  12:49p     S
11   3.8   5.3   1:22p   2.5  11:13p  14.5   0.0   0.0   2.9  12.0   7:19a   SSE
12   9.3  10.4   5:12a   5.2   9:00a   8.9   0.0   3.2   4.9  18.0   2:07p     S
13   7.9  12.2   1:49p   3.8   5:38a  10.4   0.0   0.8   6.0  19.0   3:39p   SSW
14   9.4  11.3   3:26p   5.8   9:00a   8.9   0.0   0.0   9.6  37.0   5:48p   SSW
15  12.0  13.4   8:05p   6.8   9:00a   6.3   0.0   2.0   8.2  33.0   5:47a   SSW
16   7.2  12.3   9:00a   3.1   8:12a  11.1   0.0   0.2   7.5  26.0   9:46a    SW
17   5.0   7.7  12:59p   3.3   9:00a  13.3   0.0   0.0   2.7  16.0   4:10a   SSE
18   7.4   9.8   1:56p   3.3   8:54a  10.9   0.0   7.2   9.4  41.0   7:41p     S
19   3.5   6.9   1:36p   1.3   1:46a  14.8   0.0   1.2   5.8  23.0   4:49p   SSW
20   8.6  10.1   2:29a   4.1   9:00a   9.7   0.0   1.4   9.3  42.0  10:50p   SSW
21   8.1  11.7  12:41p   4.8   8:31a  10.2   0.0   4.0  10.7  34.0   6:22p   SSW
22   4.7   7.7   1:25p   3.1   1:24a  13.6   0.0   0.4   7.9  27.0   1:57p   SSW
23   9.3  11.8  11:50p   4.9   8:29a   9.0   0.0  12.4  10.9  41.0   2:46a   SSW
24   4.1   6.7   1:08p   2.0   8:02a  14.2   0.0   1.6  10.6  32.0   2:33p   SSW
25   3.0   6.2   2:20p   0.4   8:12a  15.3   0.0   0.4   4.4  16.0  10:58a   SSW
26   5.9  10.1   3:14a   0.4   9:19a  12.4   0.0   3.2   4.4  40.0  11:25p     S
27   5.9   9.5  12:56p   2.6   7:49a  12.4   0.0   0.0  13.3  39.0   2:19p   SSW
28   3.7   7.0  12:56p   0.9   3:09a  14.6   0.0   0.0   5.3  18.0  12:57p    SW
29   6.6   9.7   6:41a   3.4   9:05a  11.7   0.0   1.6   5.9  29.0   8:19a     S
30   7.1  10.3  11:48a   4.4  11:32p  11.2   0.0   1.6   9.9  39.0  10:49a     S
31   5.8   8.6  10:11a   4.4   5:13a  12.5   0.0   1.0   7.1  28.0  10:08a     S
----------------------------------------------------------------------------------
     6.6  13.4    15     0.4    25   363.6   0.0  44.4   6.6  53.0     5     SSW

Max >=  25.0:  0
Max <=   0.0:  0
Min <=   0.0:  0
Min <=  -2.0:  0
Max Rain: 12.4 on day 23
Days of Rain: 19 (>= 0.1 mm)  13 (>= 1.0 mm)  1 (>= 10.0 mm)
Heat Base: 18.3  Cool Base: 18.3  Method: Integration
:now::gauges::real time::current records::monthly records::all-time records::noaa report::trends::station::forum: