tamworth weather

 Latitude N 52 38' 53"    Longitude W 01 41' 24"    Elevation 84 m

NOAA Style Reports

The comparative data used are the 30-year (1971-2000) monthly averages from the Met Office Coleshill station, 11 miles due south of Tamworth.


Report for 2013 Nov
                   Monthly Climatological Summary for Nov 2013

Name: Tamworth Weather   City: Tamworth   County: Staffordshire   Country: UK
Elevation: 84 m  Lat: N 52 38' 53"   Lon: W 001 41' 24"

                  Temperature (C), Rain (mm), Wind Speed (mph)

                                      Heat  Cool        Avg
    Mean                              Deg   Deg         Wind                 Dom
Day Temp  High   Time   Low    Time   Days  Days  Rain  Speed High   Time    Dir
----------------------------------------------------------------------------------
 1   9.3  12.4   3:24p   6.9   4:22a   9.0   0.0   5.4   3.8  14.0   9:14a     S
 2   9.0  12.6   2:16p   5.8   7:12a   9.3   0.0   0.8   7.9  37.0   3:35p    SW
 3   6.7  10.3  12:48p   2.7   6:34a  11.5   0.0   1.0   7.0  29.0  10:50a     W
 4   6.1  10.2   1:43p   3.5   1:23a  12.2   0.0   1.8   4.3  19.0   1:31p    SW
 5   8.4  10.3  11:44a   7.3   9:00a   9.8   0.0   0.6   6.4  30.0   1:44p   WSW
 6   9.1  13.8   8:12p   6.2   7:54a   9.2   0.0   5.4   4.8  22.0   8:23p    SW
 7   7.4  10.2   1:34p   5.0   7:38a  10.9   0.0   0.0   5.2  17.0   1:15p   SSW
 8   5.4   8.0  10:54a   2.7   5:06a  12.9   0.0   2.6   3.7  14.0   1:24a    SW
 9   5.0   7.7   2:37p   2.3   6:34a  13.3   0.0   0.2   4.0  13.0   2:07p    SW
10   6.8  10.4   1:38p   4.1   9:33p  11.5   0.0   1.6   3.3  20.0   2:44a   SSW
11  10.8  13.3   3:09p   8.0   8:06a   7.4   0.0   3.4   4.8  15.0   9:21a    SW
12   6.3  11.6  11:29a   2.2   5:09a  11.9   0.0   0.0   3.0  16.0  11:18a     W
13   7.7  10.0   1:19p   3.4   9:00a  10.6   0.0   0.8   4.6  26.0   8:41a    SW
14   4.9   8.8   1:47p   0.8   7:34a  13.4   0.0   0.2   7.8  31.0  10:03a   WNW
15   7.4   9.4   2:28p   3.4   9:00a  10.8   0.0   0.0   1.7  12.0   4:18a   WSW
16   8.3  10.1  12:11p   6.2   1:34a  10.0   0.0   0.0   3.7  13.0  12:06p   WNW
17   8.6  10.2   2:53p   7.4   8:26a   9.7   0.0   0.0   0.7   7.0   7:29a   SSW
18   5.1   8.5  10:46a   1.4   8:09a  13.1   0.0   0.6   2.9  14.0   1:14p   WNW
19   3.2   6.3   8:38a   0.1   9:08p  15.0   0.0   1.2   3.9  27.0   5:16a     W
20   4.6   7.3   1:14p   2.9  11:15p  13.6   0.0   5.4   7.7  32.0   1:48p   NNW
21   4.0   9.4   2:24p   1.1   4:09a  14.2   0.0   0.2   5.5  18.0  10:26a     N
22   3.2   8.8  12:18p  -0.8   5:52a  15.1   0.0   0.0   3.2  13.0  12:47p   NNW
23   3.1   4.9   3:07p   0.6   9:00a  15.1   0.0   0.2   2.7   9.0   4:53p    NW
24   4.6   7.4  12:26p   2.0   1:40a  13.6   0.0   0.0   3.1  12.0  10:58a   NNW
25   2.2   6.2   2:49p  -1.3   4:18a  16.0   0.0   0.0   2.2   8.0   2:25p    NW
26   6.8   9.6   8:59a   2.3   9:00a  11.5   0.0   0.2   2.0  16.0   6:10a   WNW
27   8.4  11.8  11:56a   5.2   5:53a   9.9   0.0   0.0   5.2  18.0  11:52a    NW
28   8.1   8.9   2:58p   6.7   9:00a  10.2   0.0   0.0   1.4  20.0   6:25a     W
29   6.1   9.2  10:58a   2.7   8:03a  12.1   0.0   0.2   8.0  30.0  11:40a   WNW
30   6.1   8.1  12:23p   3.6   9:00a  12.2   0.0   0.0   4.1  14.0   5:20a   WNW
----------------------------------------------------------------------------------
     6.4  13.8     6    -1.3    25   355.0   0.0  31.8   4.3  37.0     2       W

Max >=  25.0:  0
Max <=   0.0:  0
Min <=   0.0:  2
Min <=  -2.0:  0
Max Rain: 5.4 on day 1
Days of Rain: 19 (>= 0.1 mm)  9 (>= 1.0 mm)  0 (>= 10.0 mm)
Heat Base: 18.3  Cool Base: 18.3  Method: Integration
:now::gauges::real time::current records::monthly records::all-time records::noaa report::trends::station::forum: