tamworth weather

 Latitude N 52 38' 53"    Longitude W 01 41' 24"    Elevation 84 m

NOAA Style Reports

The comparative data used are the 30-year (1971-2000) monthly averages from the Met Office Coleshill station, 11 miles due south of Tamworth.


Report for 2013 Aug
                   Monthly Climatological Summary for Aug 2013

Name: Tamworth Weather   City: Tamworth   County: Staffordshire   Country: UK
Elevation: 84 m  Lat: N 52 38' 53"   Lon: W 001 41' 24"

                  Temperature (C), Rain (mm), Wind Speed (mph)

                                      Heat  Cool        Avg
    Mean                              Deg   Deg         Wind                 Dom
Day Temp  High   Time   Low    Time   Days  Days  Rain  Speed High   Time    Dir
----------------------------------------------------------------------------------
 1  23.7  31.4   4:16p  17.0   4:34a   0.2   5.5   0.0   5.6  23.0   6:16p     S
 2  18.8  24.4   2:41p  13.8   6:15a   1.6   2.1   0.6   6.4  22.0   1:36p   SSW
 3  18.2  22.9   4:48p  13.6   5:40a   1.3   1.2   1.6   6.4  24.0   2:19p    SW
 4  16.6  18.4  10:00a  15.0   6:24a   1.7   0.0   5.6   6.6  23.0  12:07p     S
 5  14.8  21.1   1:56p  10.9   5:57a   3.6   0.1   4.0   6.0  22.0  11:58a   WSW
 6  14.9  21.4   6:29p  10.4   2:57a   3.6   0.2   0.0   2.8  12.0   1:35p   NNW
 7  16.9  24.1   3:55p   9.6   5:56a   2.8   1.5   0.0   2.7  16.0   3:38p    NE
 8  18.8  23.1   4:56p  15.1   5:07a   1.0   1.4   0.4   2.9  16.0  12:19a    SW
 9  15.9  19.6  11:21a  13.6   3:32a   2.5   0.1   0.0   5.1  18.0   3:44p   WNW
10  16.3  19.3   3:19p  13.5   4:07a   2.1   0.1   0.0   3.8  15.0  12:06p   WSW
11  15.7  20.1   5:10p  13.0   5:05a   2.7   0.2   0.0   5.2  20.0   4:59p     W
12  14.4  18.7   3:27p  10.0   5:42a   3.9   0.0   0.0   6.2  22.0   1:18p     W
13  14.0  17.2   3:56p  10.2   6:21a   4.3   0.0   0.6   4.1  15.0  11:31a   WSW
14  17.8  19.6  12:30p  16.3   4:12a   0.7   0.1   0.6   4.3  16.0   1:57p   SSW
15  19.0  23.3   2:47p  15.1   7:48a   0.8   1.6  18.0   6.6  22.0  10:17a    SW
16  17.2  23.9   4:25p  12.7   3:37a   2.2   1.1   0.2   4.7  17.0   8:36a     W
17  16.6  19.0   3:30p  14.7   6:40a   1.7   0.0   0.0   7.7  31.0   3:47p   SSW
18  16.5  21.4   3:47p  12.1   6:16a   2.4   0.6   0.0   6.2  20.0   1:37p     W
19  15.6  19.3   5:23p  11.8   4:35a   2.7   0.0   0.0   3.5  14.0   2:21p     W
20  17.4  22.3   3:48p  12.2   5:29a   1.9   1.1   0.0   2.5  14.0   9:59a    SW
21  18.5  22.4   4:03p  15.3   4:55a   0.8   1.0   0.0   3.4  17.0   5:14p    SW
22  19.6  24.6   6:19p  14.7   5:54a   0.6   1.9   0.0   1.9  13.0   5:53p   SSE
23  18.8  23.7   3:21p  14.9   3:40a   1.3   1.8   7.4   2.7  14.0  10:01a    NW
24  15.4  19.9   4:49p  12.0   3:12a   3.0   0.1   0.0   5.6  22.0   3:25p    NW
25  17.8  23.7   5:49p  14.6   5:54a   1.5   1.1   0.0   5.2  18.0  10:57a   NNE
26  17.8  27.3   4:26p  11.7   3:51a   2.6   2.1   0.2   3.9  15.0  12:09p    NE
27  17.5  25.1   2:10p  12.9   4:02a   2.2   1.4   0.0   2.2  16.0   2:35p    NW
28  16.5  21.7   2:21p  11.9   6:30a   2.4   0.6   0.0   2.6  13.0   9:16a   WSW
29  17.5  21.1   6:01p  13.7   6:18a   1.5   0.7   0.0   3.6  15.0   5:49p    SW
30  16.7  21.9   2:36p   9.9   7:01a   2.4   0.8   0.0   4.9  19.0   5:21p     W
31  13.5  18.3   3:52p   9.9   6:29a   4.8   0.0   0.0   4.7  19.0   4:32p   WNW
----------------------------------------------------------------------------------
    17.1  31.4     1     9.6     7    66.8  28.4  39.2   4.5  31.0    17     WSW

Max >=  25.0:  3
Max <=   0.0:  0
Min <=   0.0:  0
Min <=  -2.0:  0
Max Rain: 18.0 on day 15
Days of Rain: 11 (>= 0.1 mm)  5 (>= 1.0 mm)  1 (>= 10.0 mm)
Heat Base: 18.3  Cool Base: 18.3  Method: Integration
:now::gauges::real time::current records::monthly records::all-time records::noaa report::trends::station::forum: