tamworth weather

 Latitude N 52 38' 53"    Longitude W 01 41' 24"    Elevation 84 m

NOAA Style Reports

The comparative data used are the 30-year (1971-2000) monthly averages from the Met Office Coleshill station, 11 miles due south of Tamworth.


Report for 2013 Jul
                   Monthly Climatological Summary for Jul 2013

Name: Tamworth Weather   City: Tamworth   County: Staffordshire   Country: UK
Elevation: 84 m  Lat: N 52 38' 53"   Lon: W 001 41' 24"

                  Temperature (C), Rain (mm), Wind Speed (mph)

                                      Heat  Cool        Avg
    Mean                              Deg   Deg         Wind                 Dom
Day Temp  High   Time   Low    Time   Days  Days  Rain  Speed High   Time    Dir
----------------------------------------------------------------------------------
 1  13.5  17.4   4:21p   9.8   3:42a   4.8   0.0   0.0   4.1  20.0   3:27p   WSW
 2  14.7  16.6   3:19p  13.4   1:02a   3.6   0.0   2.8   5.2  24.0  11:38a   SSW
 3  15.3  18.6   9:55a  12.3   2:59a   3.0   0.0   0.0   5.1  18.0   9:41a   WSW
 4  17.0  22.9   3:31p  11.4   5:20a   2.4   1.1   0.0   6.1  21.0  11:00a     W
 5  19.0  25.3   5:23p  14.1   5:34a   1.1   1.8   0.0   1.6  15.0   4:40p   SSE
 6  20.2  26.6   4:28p  13.8   4:55a   1.1   3.0   0.0   2.8  12.0   1:37p   WSW
 7  22.4  31.2   3:36p  15.6   5:15a   0.4   4.4   0.0   3.3  15.0   9:12a    NE
 8  17.6  25.2   3:07p  11.2   5:06a   2.4   1.7   0.0   4.6  17.0   1:38p   ENE
 9  21.4  29.8   4:36p  15.2   5:12a   0.4   3.6   0.0   1.9  15.0   8:54a    NE
10  15.4  20.2  12:46p  10.9   5:40a   3.2   0.3   0.0   4.0  13.0  11:02a   ENE
11  16.4  24.6   4:51p  10.7   4:49a   3.0   1.1   0.0   3.7  12.0  10:34a   ENE
12  21.6  29.3   3:27p  15.8   5:33a   0.4   3.7   0.0   1.4   9.0   3:41p    NW
13  22.9  32.6   2:33p  14.8   6:11a   0.7   5.3   0.0   2.8  26.0   3:20p    NW
14  20.3  28.6   4:47p  13.2   5:00a   1.4   3.4   0.0   4.0  15.0   1:47p    NW
15  21.0  29.9   4:05p  13.4   5:30a   1.2   3.8   0.0   3.1  13.0   7:08p    NW
16  21.4  30.2   4:05p  14.2   5:02a   0.9   4.0   0.0   2.6  10.0  12:47p    NW
17  22.9  31.6   4:24p  15.8   5:58a   0.4   4.9   0.0   2.6  10.0   8:46p   NNE
18  22.5  31.2   3:42p  14.9   5:19a   0.4   4.6   0.0   2.6  13.0   4:33p   ENE
19  21.8  29.6   2:21p  16.2   1:31a   0.5   4.0   0.0   3.9  18.0   1:14p   ENE
20  17.6  22.3  11:04a  13.9   4:31a   1.7   1.0   0.0   6.3  19.0  11:55a   ENE
21  16.1  19.0   4:07p  14.3  10:57p   2.2   0.1   0.0   5.5  16.0   3:24p   ENE
22  23.0  29.9   6:47p  16.4  10:00a   0.0   4.7  14.2   3.8  15.0   5:17a   ESE
23  20.6  25.1   3:33p  16.6   5:30a   0.3   2.6   2.0   3.6  18.0   6:01p   SSW
24  20.1  25.4   4:49p  15.3   6:07a   0.8   2.5   1.8   3.5  15.0  11:29a   SSW
25  19.8  25.3   4:03p  15.3   3:26a   0.7   2.3   0.0   4.0  17.0   3:13p   SSW
26  19.0  24.4   2:56p  12.4   5:33a   1.5   2.2   0.0   1.7  11.0   1:54p    SW
27  19.0  27.0   1:33p  14.6   5:28a   1.4   2.1  27.4   2.2  18.0   7:39a   WSW
28  18.9  23.2   4:25p  15.9   5:15a   0.8   1.3   0.0   8.0  28.0   4:13p   SSW
29  16.3  21.3  11:47a  13.9   5:36a   2.1   0.2  19.6   5.4  21.0  11:38a   SSW
30  17.9  21.8   4:53p  14.1   9:02a   1.3   0.9   1.6   4.8  16.0   7:13p    SW
31  17.4  20.3   9:59a  13.9  10:51a   1.2   0.3   3.0   3.5  21.0   8:06p     S
----------------------------------------------------------------------------------
    19.1  32.6    13     9.8     1    45.3  70.9  72.4   3.8  28.0    28      SW

Max >=  25.0: 18
Max <=   0.0:  0
Min <=   0.0:  0
Min <=  -2.0:  0
Max Rain: 27.4 on day 27
Days of Rain: 8 (>= 0.1 mm)  8 (>= 1.0 mm)  3 (>= 10.0 mm)
Heat Base: 18.3  Cool Base: 18.3  Method: Integration
:now::gauges::real time::current records::monthly records::all-time records::noaa report::trends::station::forum: