tamworth weather

 Latitude N 52 38' 53"    Longitude W 01 41' 24"    Elevation 84 m

NOAA Style Reports

The comparative data used are the 30-year (1971-2000) monthly averages from the Met Office Coleshill station, 11 miles due south of Tamworth.


Report for 2013 Jun
                   Monthly Climatological Summary for Jun 2013

Name: Tamworth Weather   City: Tamworth   County: Staffordshire   Country: UK
Elevation: 84 m  Lat: N 52 38' 53"   Lon: W 001 41' 24"

                  Temperature (C), Rain (mm), Wind Speed (mph)

                                      Heat  Cool        Avg
    Mean                              Deg   Deg         Wind                 Dom
Day Temp  High   Time   Low    Time   Days  Days  Rain  Speed High   Time    Dir
----------------------------------------------------------------------------------
 1  12.6  17.3   4:33p   8.4   2:17a   5.6   0.0   0.0   6.0  21.0  12:59p    NW
 2  13.2  18.8   4:39p   7.0   4:51a   5.1   0.0   0.0   4.4  17.0  10:57a    NW
 3  14.4  21.7   2:00p   6.9   4:47a   4.2   0.3   0.0   3.2  15.0   4:56p   ENE
 4  14.3  20.3   1:12p  10.6  11:33p   4.1   0.1   0.0   5.9  21.0  12:31p   ENE
 5  10.8  14.2   5:10p   7.9   4:36a   7.5   0.0   0.0   4.8  16.0  12:55a   ENE
 6  12.4  20.2   4:35p   6.4   4:48a   6.0   0.1   0.0   5.0  16.0   4:42p   ENE
 7  13.9  22.0   2:16p   8.3   2:57a   4.8   0.5   0.0   5.6  22.0   5:11p   ENE
 8  12.3  18.5   3:09p   8.7  12:33a   6.0   0.0   0.0   6.2  17.0   1:38p   ENE
 9  12.4  20.1   3:43p   8.5  11:43p   5.9   0.0   0.0   5.3  15.0   5:04p   ENE
10  10.9  13.7   4:16p   8.2  11:18p   7.4   0.0   0.0   2.8  13.0   7:58a   ESE
11  15.0  18.4   6:25p  10.9  10:00a   3.3   0.0   0.2   4.6  22.0   8:05a     S
12  15.0  18.7   1:43p  12.3   5:34a   3.3   0.0   3.2   7.7  24.0  10:04a   SSW
13  12.8  18.3  12:03p   8.7   4:49a   5.5   0.0   2.8   8.1  27.0   2:12p   WSW
14  12.7  16.7   5:12p   9.3   4:55a   5.6   0.0  10.0   6.1  23.0  11:39p   SSW
15  12.8  15.1   4:03p  10.6  12:40p   5.5   0.0   0.8   7.7  25.0  12:22p    SW
16  14.0  17.4  12:22p  11.1   5:06a   4.3   0.0   0.2   5.3  16.0  10:25a     S
17  13.9  19.3   4:59p   9.8   4:40a   4.4   0.0   0.0   4.2  16.0   6:11p    NE
18  18.2  23.3   1:18p  15.2   7:42a   0.9   0.8   0.0   3.8  12.0  10:54a   SSW
19  17.7  25.1   2:50p  12.2   6:21a   2.4   1.8   2.4   3.8  17.0   4:47p   NNW
20  16.1  20.7   2:05p  13.6   6:29a   2.5   0.3   2.0   3.2  13.0   1:05p    NE
21  16.1  21.3   1:57p  11.0   3:00a   2.8   0.6   2.6   3.4  24.0   9:42a    SW
22  13.8  16.9   3:16p  11.8   4:51a   4.5   0.0   1.2   9.1  29.0   3:33p    SW
23  12.0  14.6   3:42p  10.1   4:54a   6.3   0.0   2.2   8.9  28.0   5:10p   WNW
24  12.9  17.8   4:35p   8.6   4:42a   5.4   0.0   0.0   7.3  20.0   4:43p   WNW
25  15.9  21.6   3:44p  11.8   4:15a   2.7   0.3   0.0   2.8  12.0  11:27a   WNW
26  14.8  20.9   3:05p   9.6   4:53a   3.9   0.4   0.0   4.6  21.0   4:59p    NW
27  13.6  17.9  11:35a  11.4   6:03p   4.7   0.0   7.0   4.5  18.0   1:50p   WNW
28  14.5  18.3   4:23p  10.7   4:44a   3.8   0.0   0.2   6.1  28.0   8:33p   WNW
29  16.7  20.3   3:52p  14.2  10:00a   1.8   0.2   0.0   5.4  18.0   9:59a     W
30  16.7  22.6   3:40p  11.9   6:28a   2.5   0.9   0.0   6.4  22.0  12:22p   WSW
----------------------------------------------------------------------------------
    14.1  25.1    19     6.4     6   132.7   6.3  34.8   5.4  29.0    22       W

Max >=  25.0:  1
Max <=   0.0:  0
Min <=   0.0:  0
Min <=  -2.0:  0
Max Rain: 10.0 on day 14
Days of Rain: 13 (>= 0.1 mm)  9 (>= 1.0 mm)  1 (>= 10.0 mm)
Heat Base: 18.3  Cool Base: 18.3  Method: Integration
:now::gauges::real time::current records::monthly records::all-time records::noaa report::trends::station::forum: