tamworth weather

 Latitude N 52 38' 53"    Longitude W 01 41' 24"    Elevation 84 m

NOAA Style Reports

The comparative data used are the 30-year (1971-2000) monthly averages from the Met Office Coleshill station, 11 miles due south of Tamworth.


Report for 2013 May
                   Monthly Climatological Summary for May 2013

Name: Tamworth Weather   City: Tamworth   County: Staffordshire   Country: UK
Elevation: 84 m  Lat: N 52 38' 53"   Lon: W 001 41' 24"

                  Temperature (C), Rain (mm), Wind Speed (mph)

                                      Heat  Cool        Avg
    Mean                              Deg   Deg         Wind                 Dom
Day Temp  High   Time   Low    Time   Days  Days  Rain  Speed High   Time    Dir
----------------------------------------------------------------------------------
 1  10.3  18.5   4:51p   3.2   5:45a   8.0   0.0   0.0   4.7  17.0   4:52p    NW
 2  12.1  19.2   3:32p   6.0   6:04a   6.2   0.0   0.0   2.6  13.0   9:09a   SSE
 3  12.0  15.4   3:21p   9.2   4:21a   6.3   0.0   0.0   5.6  19.0  10:55a    SW
 4  11.0  16.3   2:57p   6.3   5:36a   7.3   0.0   0.4   7.3  23.0   2:13p   WSW
 5  12.8  18.3   3:08p   6.6   5:41a   5.5   0.0   0.0   4.4  17.0   1:39p    SW
 6  15.4  20.9   5:29p   7.9   5:33a   3.4   0.5   0.0   2.5  14.0   3:33p   SSW
 7  16.0  22.1   2:04p  10.8   6:09a   3.2   0.8   1.6   3.7  18.0   2:05p   ESE
 8  11.3  17.8   3:22p   6.3   4:51a   7.0   0.0   1.0   6.3  27.0   9:02a   SSW
 9  10.3  12.8  12:33p   8.9   8:48a   8.0   0.0   1.0  10.8  39.0   3:01p    SW
10  10.2  15.6   2:25p   5.6   5:05a   8.1   0.0   0.2   9.2  26.0  10:25a    SW
11   8.0  12.9   3:07p   5.7   5:29a  10.3   0.0   2.8   7.2  32.0   4:50p     W
12  10.3  12.1   7:31p   7.8   6:07a   8.0   0.0   0.6   6.9  26.0   9:05a   WSW
13   7.9  12.8   3:06p   4.1   4:39a  10.4   0.0   0.2   8.7  28.0  12:33p   WSW
14   7.3   9.9  10:24a   5.3   8:42a  10.8   0.0  13.2   6.4  24.0  12:14a   ESE
15   8.1  12.9   4:57p   2.9   5:37a  10.2   0.0   0.8   6.3  25.0   1:34p   WNW
16  10.3  15.6   4:53p   7.2  10:56p   7.8   0.0   1.8   3.2  18.0   6:32p   ENE
17  10.2  13.7   3:38p   7.9   1:13a   8.1   0.0   0.2   4.1  15.0   7:58a   NNW
18  11.1  16.8   9:55a   7.0   5:44a   7.2   0.0   0.0   4.4  19.0  10:14a    NW
19  14.2  20.8   4:16p  10.3   4:02a   4.4   0.2   1.4   3.4  15.0   4:39p    NW
20  13.2  17.3   4:10p  10.1   5:09a   5.1   0.0   0.4   5.9  15.0  12:29p    NW
21  10.3  13.6   3:48p   7.4   2:08a   8.0   0.0   0.0   5.5  20.0   5:05p    NW
22   8.7  13.1   1:55p   4.9   4:52a   9.6   0.0   0.0   7.3  26.0   3:26p   WNW
23   7.1  11.9   1:59p   4.8   4:46a  11.1   0.0   1.0   6.7  29.0   9:58a   WNW
24   7.4  13.0   9:59a   3.1   5:20a  10.9   0.0   1.2   9.5  35.0   1:52p   NNE
25  11.9  19.3   3:25p   5.1   5:06a   6.4   0.0   0.0   3.6  14.0  11:03a    NW
26  13.1  20.4   3:45p   5.8   5:17a   5.3   0.1   0.0   3.3  24.0   9:41a   WSW
27  11.6  16.4   3:24p   8.3   6:44a   6.7   0.0   4.0   7.5  30.0   2:45p     S
28   9.7  11.8   4:05p   8.1   7:54a   8.5   0.0   7.2   4.3  20.0   4:53p   ENE
29  11.8  15.7  12:02p   8.8  10:00a   6.5   0.0   9.2   4.4  19.0   8:33a   NNW
30  13.2  18.4   9:47a  11.3  11:11a   5.1   0.0   0.6   5.0  15.0   3:55p     N
31  14.4  22.4   1:40p   7.5   5:50a   4.6   0.7   0.0   5.0  21.0   9:31a    NW
----------------------------------------------------------------------------------
    11.0  22.4    31     2.9    15   228.0   2.3  48.8   5.7  39.0     9       W

Max >=  25.0:  0
Max <=   0.0:  0
Min <=   0.0:  0
Min <=  -2.0:  0
Max Rain: 13.2 on day 14
Days of Rain: 20 (>= 0.1 mm)  12 (>= 1.0 mm)  1 (>= 10.0 mm)
Heat Base: 18.3  Cool Base: 18.3  Method: Integration
:now::gauges::real time::current records::monthly records::all-time records::noaa report::trends::station::forum: