tamworth weather

 Latitude N 52 38' 53"    Longitude W 01 41' 24"    Elevation 84 m

NOAA Style Reports

The comparative data used are the 30-year (1971-2000) monthly averages from the Met Office Coleshill station, 11 miles due south of Tamworth.


Report for 2013 Apr
                   Monthly Climatological Summary for Apr 2013

Name: Tamworth Weather   City: Tamworth   County: Staffordshire   Country: UK
Elevation: 84 m  Lat: N 52 38' 53"   Lon: W 001 41' 24"

                  Temperature (C), Rain (mm), Wind Speed (mph)

                                      Heat  Cool        Avg
    Mean                              Deg   Deg         Wind                 Dom
Day Temp  High   Time   Low    Time   Days  Days  Rain  Speed High   Time    Dir
----------------------------------------------------------------------------------
 1   0.8   4.0   9:57a  -2.9   6:43a  17.4   0.0   0.0   6.2  24.0  10:39a   ENE
 2   2.5   8.8   4:03p  -2.2   4:16a  15.8   0.0   0.0   6.9  25.0  11:12a   ENE
 3   3.0   8.1   1:40p  -0.2   3:49a  15.2   0.0   0.0   8.4  33.0   2:48p    NE
 4   2.3   5.9   3:57p  -1.1   5:24a  16.0   0.0   0.0   9.8  32.0  12:27p    NE
 5   3.0   8.5   3:39p  -1.9   6:25a  15.3   0.0   0.0   7.5  26.0  12:55p   NNE
 6   5.2  13.1   5:26p  -1.8   6:22a  13.1   0.0   0.0   2.7  18.0   3:38p   ENE
 7   5.0   9.6   2:58p   0.2   6:43a  13.3   0.0   0.0   2.8  19.0   9:29a     E
 8   4.1   8.7   2:10p   1.4  10:55p  14.2   0.0   0.0   8.4  23.0   3:08p   ENE
 9   5.6  10.8  12:39p   1.6   6:21a  12.7   0.0   0.0   9.2  23.0  11:49a   ENE
10   7.0  11.1   3:53p   3.8   6:04a  11.3   0.0   0.0   3.2  14.0   1:01a     E
11   5.9   7.6   9:59a   4.4  10:00a  12.3   0.0   0.6   4.9  14.0   7:12p     E
12   7.9  12.9   1:17p   4.3   6:36a  10.4   0.0   0.0   3.1  18.0   4:24p   WSW
13  11.2  15.1   9:51a   9.3  10:00a   7.1   0.0   0.8   6.2  34.0   9:11a     S
14  12.5  17.1  11:12a   9.7   3:40a   5.8   0.0   0.4  12.1  39.0  10:49a   SSW
15  12.4  16.4   3:03p   9.9   4:44a   5.9   0.0   0.6   9.3  30.0   3:16a   SSW
16  11.2  15.4   3:17p   6.7   3:27a   7.1   0.0   0.0   9.6  28.0  11:45a    SW
17  11.9  15.8   2:52p   8.4   7:57a   6.4   0.0   0.2  10.9  42.0   4:41a    SW
18   9.5  13.2   2:38p   6.7   6:54a   8.8   0.0   0.0  12.7  30.0   7:23p     W
19   7.5  14.9   3:49p   1.2   5:53a  10.8   0.0   0.0   5.9  19.0  10:31a   NNW
20   9.7  15.1   3:10p   3.9   6:26a   8.6   0.0   0.0   3.2  18.0   4:02p     S
21   8.1  11.4   3:27p   4.3   5:40a  10.2   0.0   0.0   5.7  18.0   2:11p   SSW
22  11.0  13.4   9:59a   7.3   6:01a   7.3   0.0   0.0   6.5  23.0   2:14p   WSW
23  13.1  18.9   3:27p   8.3   5:31a   5.2   0.0   0.0   5.2  20.0   3:53p     W
24  12.9  16.2   2:10p  10.2   3:32a   5.3   0.0   0.0   4.5  20.0  11:31a   WSW
25   9.8  17.1   2:38p   5.2   6:09a   8.3   0.0   1.0   4.4  19.0   5:48p   WNW
26   6.6  13.0   2:52p   0.7   6:02a  11.7   0.0   0.4   6.1  25.0   5:25p    NW
27   6.8  12.9   3:14p   2.6   4:01a  11.5   0.0   0.2   5.5  26.0   2:07p   NNE
28   8.5  12.7  12:44p   4.4   5:38a   9.8   0.0   1.0   6.9  26.0   4:47p   WSW
29   8.0  13.0   4:13p   2.1   6:06a  10.3   0.0   0.0   6.6  22.0  12:10p     W
30   7.3  13.3   4:32p   0.2   5:37a  11.0   0.0   0.0   3.7  17.0   4:43p     E
----------------------------------------------------------------------------------
     7.7  18.9    23    -2.9     1   318.1   0.0   5.2   6.6  42.0    17      SW

Max >=  25.0:  0
Max <=   0.0:  0
Min <=   0.0:  6
Min <=  -2.0:  2
Max Rain: 1.0 on day 25
Days of Rain: 9 (>= 0.1 mm)  2 (>= 1.0 mm)  0 (>= 10.0 mm)
Heat Base: 18.3  Cool Base: 18.3  Method: Integration
:now::gauges::real time::current records::monthly records::all-time records::noaa report::trends::station::forum: