tamworth weather

 Latitude N 52 38' 53"    Longitude W 01 41' 24"    Elevation 84 m

NOAA Style Reports

The comparative data used are the 30-year (1971-2000) monthly averages from the Met Office Coleshill station, 11 miles due south of Tamworth.


Report for 2013 Mar
                   Monthly Climatological Summary for Mar 2013

Name: Tamworth Weather   City: Tamworth   County: Staffordshire   Country: UK
Elevation: 84 m  Lat: N 52 38' 53"   Lon: W 001 41' 24"

                  Temperature (C), Rain (mm), Wind Speed (mph)

                                      Heat  Cool        Avg
    Mean                              Deg   Deg         Wind                 Dom
Day Temp  High   Time   Low    Time   Days  Days  Rain  Speed High   Time    Dir
----------------------------------------------------------------------------------
 1   4.4   7.0   1:08p   2.2   7:21a  13.9   0.0   0.0   5.8  16.0  10:37a    NE
 2   3.8  11.3   2:54p  -1.6   4:50a  14.5   0.0   0.0   1.9   9.0  12:54p    NW
 3   4.6   8.8   1:34p   0.8   1:44a  13.7   0.0   0.0   2.4  15.0   3:41p   ESE
 4   2.7   8.6   2:11p  -2.8   7:04a  15.6   0.0   0.0   3.7  15.0  12:53p     E
 5   5.2  15.1   3:39p   0.9   9:00a  13.1   0.0   0.0   1.7  13.0   4:25a    NE
 6   4.8   6.3   3:28p   3.2   9:00a  13.5   0.0   2.4   5.9  16.0  12:18p   ENE
 7   5.7   7.6   3:31p   4.8   9:00a  12.6   0.0   4.2   5.7  17.0   6:59p   ENE
 8   4.5   5.7   9:40a   3.7   2:40a  13.8   0.0   0.8   5.4  15.0   7:10p    NE
 9   2.7   5.3   2:45p   0.6   3:51a  15.6   0.0   1.4   4.8  23.0   8:41a    NE
10  -0.4   1.8   2:27p  -2.8   6:42a  18.7   0.0   0.2   9.5  31.0   2:36p    NE
11  -1.5   2.0  11:53a  -3.2   6:57a  19.8   0.0   0.0  13.1  37.0   4:23p    NE
12   2.2   4.8   4:18p  -0.7   6:24a  16.1   0.0   0.0   6.0  23.0  10:25a   NNW
13   1.8   8.8   1:49p  -3.1   5:43a  16.5   0.0   0.0   3.9  17.0   2:44p   NNW
14   4.4   7.3  12:41p   1.7   9:05a  13.9   0.0   0.6   3.8  18.0   8:27a    SW
15   6.0   7.9   2:59p   4.7   7:34a  12.2   0.0   7.4   7.4  34.0   1:01p   SSW
16   3.7   8.3   2:10p   0.8   4:58a  14.6   0.0   5.0   5.4  19.0   7:54p     S
17   1.5   5.8   3:46p  -2.4   6:13a  16.8   0.0   0.2   2.8   8.0   2:30p     E
18   3.3   8.8  12:22p  -0.4   9:00a  15.0   0.0   0.2   3.0  13.0   7:53p    NE
19   3.0   6.3   2:41p   0.9  11:46p  15.3   0.0   0.0   2.8  15.0   7:44a     E
20   1.9   4.8   1:02p  -0.6   5:53a  16.4   0.0   0.0   4.8  17.0  11:08a   ENE
21   2.1   4.9  11:14a   0.1   1:36a  16.2   0.0   1.8   8.4  32.0   8:22a     E
22   0.7   2.7   1:29p  -0.3   5:19a  17.6   0.0   3.2  13.8  36.0   1:00p   ENE
23  -1.0   0.1  12:38p  -2.2   3:44a  19.3   0.0   1.4  10.2  24.0  11:30p   ENE
24  -0.7   0.1   4:04p  -1.6  10:12a  19.0   0.0   0.0  10.4  30.0  12:26p   ENE
25   0.2   1.8  12:32p  -0.7   5:25a  18.1   0.0   0.2  12.5  36.0   2:35p   ENE
26   0.4   2.6   3:11p  -1.1  10:30p  17.9   0.0   0.0   9.4  27.0  10:03a   ENE
27   0.0   3.1   8:55a  -2.6   5:03a  18.2   0.0   0.0   7.2  21.0  12:16p    NE
28   1.2   3.8   9:07a  -1.9   5:57a  17.1   0.0   0.0   6.0  21.0   9:56a   ENE
29   0.7   5.8  10:55a  -2.9   5:17a  17.6   0.0   0.0   5.5  22.0  12:39p   ENE
30   0.8   6.1   2:25p  -4.6   6:19a  17.5   0.0   0.0   4.8  18.0   1:07p   ENE
31   1.8   4.3   5:32p  -0.5   6:05a  16.5   0.0   0.0   4.2  20.0   9:59a     E
----------------------------------------------------------------------------------
     2.3  15.1     5    -4.6    30   496.6   0.0  29.0   6.2  37.0    11     ENE

Max >=  25.0:  0
Max <=   0.0:  0
Min <=   0.0: 19
Min <=  -2.0:  9
Max Rain: 7.4 on day 15
Days of Rain: 14 (>= 0.1 mm)  8 (>= 1.0 mm)  0 (>= 10.0 mm)
Heat Base: 18.3  Cool Base: 18.3  Method: Integration
:now::gauges::real time::current records::monthly records::all-time records::noaa report::trends::station::forum: