tamworth weather

 Latitude N 52 38' 53"    Longitude W 01 41' 24"    Elevation 84 m

NOAA Style Reports

The comparative data used are the 30-year (1971-2000) monthly averages from the Met Office Coleshill station, 11 miles due south of Tamworth.


Report for 2013 Feb
                   Monthly Climatological Summary for Feb 2013

Name: Tamworth Weather   City: Tamworth   County: Staffordshire   Country: UK
Elevation: 84 m  Lat: N 52 38' 53"   Lon: W 001 41' 24"

                  Temperature (C), Rain (mm), Wind Speed (mph)

                                      Heat  Cool        Avg
    Mean                              Deg   Deg         Wind                 Dom
Day Temp  High   Time   Low    Time   Days  Days  Rain  Speed High   Time    Dir
----------------------------------------------------------------------------------
 1   4.2   8.3   1:15p   0.1   7:25a  14.1   0.0   0.8   3.8  16.0  12:38p   WNW
 2   2.5   6.2   1:25p   0.1  10:32p  15.8   0.0   0.0   4.8  20.0   7:35a     W
 3   8.5  10.0   3:21a   3.6   9:00a   9.8   0.0   0.0   7.0  32.0   6:19a   WSW
 4   4.8   9.1  12:38p   0.8   6:40a  13.5   0.0   2.6  11.0  35.0   8:38p     W
 5   3.7   5.4  10:58p   0.4   9:31a  14.6   0.0   2.8   9.5  32.0   4:42p   WNW
 6   2.2   5.2   1:10p  -0.4   5:21a  16.1   0.0   0.0   8.2  27.0   1:10p    NW
 7   1.9   3.6  11:52a   0.3   4:51a  16.4   0.0   0.2   3.5  13.0   1:13p   WNW
 8   3.1   6.1   2:17p   0.8   7:11a  15.2   0.0   2.2   3.6  16.0   2:34p   WNW
 9   2.5   3.6   3:05p   0.9   9:00a  15.8   0.0   3.4   2.6  10.0   7:52a    SE
10   1.5   4.4  12:32p  -0.1   7:33a  16.8   0.0   5.8   5.7  21.0   3:56p     E
11   0.8   1.6   2:32p   0.1   9:00a  17.5   0.0   1.4   7.3  17.0   2:11p   ENE
12   0.6   1.3  12:38p  -0.1   5:14a  17.7   0.0   0.0   2.7  12.0   8:54a   ESE
13   2.4   6.1   6:44a   0.1  10:44a  15.9   0.0   6.2   6.9  25.0   5:30p     S
14   6.0  10.2   2:37p   1.8   7:54a  12.3   0.0   0.0   5.4  20.0   2:28p     W
15   5.2   9.3  12:03p   0.3   6:58a  12.9   0.0   0.0   2.2  14.0  11:30a     W
16   4.6   9.3   3:21p   0.2   7:38a  13.7   0.0   0.2   1.8  11.0   1:32p     S
17   4.1   8.4   3:10p   1.8  10:09p  14.2   0.0   0.0   3.1  16.0   2:49p    SE
18   2.1   7.1   1:49p  -2.9   6:52a  16.2   0.0   0.0   3.4  16.0  12:06p     E
19   3.4  11.3   3:31p  -2.4   9:00a  14.8   0.0   0.2   0.9  17.0   8:16a   ENE
20   1.1   3.4   2:50p  -0.2  10:43p  17.2   0.0   0.0   6.3  23.0   6:52p     E
21   0.3   2.3  11:22a  -0.4   7:54p  18.0   0.0   0.0   8.0  21.0  10:48a     E
22   0.1   0.8   1:48p  -0.9   5:12a  18.2   0.0   0.0   5.3  17.0   2:07p    NE
23   1.0   4.3   2:35p  -0.2   9:00a  17.3   0.0   0.0   3.4  12.0  11:10a   NNE
24   1.6   2.9   2:06p  -0.1  11:43p  16.7   0.0   0.0   4.2  17.0   2:06p     N
25   3.1   4.0   2:21p   2.3   5:00a  15.2   0.0   0.2   5.9  24.0  10:51p    NE
26   2.7   3.8   1:26p   1.9   6:43a  15.6   0.0   0.0   7.5  19.0   1:00p    NE
27   2.9   8.6   3:26p  -0.4   4:23a  15.4   0.0   0.0   5.4  16.0   1:27p    NE
28   5.7  10.7   1:30p   2.9   9:09a  12.3   0.0   0.0   3.5  15.0  12:41p    NE
----------------------------------------------------------------------------------
     2.9  11.3    19    -2.9    18   429.2   0.0  26.0   5.1  35.0     4       N

Max >=  25.0:  0
Max <=   0.0:  0
Min <=   0.0: 11
Min <=  -2.0:  2
Max Rain: 6.2 on day 13
Days of Rain: 12 (>= 0.1 mm)  7 (>= 1.0 mm)  0 (>= 10.0 mm)
Heat Base: 18.3  Cool Base: 18.3  Method: Integration
:now::gauges::real time::current records::monthly records::all-time records::noaa report::trends::station::forum: