tamworth weather

 Latitude N 52 38' 53"    Longitude W 01 41' 24"    Elevation 84 m

NOAA Style Reports

The comparative data used are the 30-year (1971-2000) monthly averages from the Met Office Coleshill station, 11 miles due south of Tamworth.


Report for 2013 Jan
                   Monthly Climatological Summary for Jan 2013

Name: Tamworth Weather   City: Tamworth   County: Staffordshire   Country: UK
Elevation: 84 m  Lat: N 52 38' 53"   Lon: W 001 41' 24"

                  Temperature (C), Rain (mm), Wind Speed (mph)

                                      Heat  Cool        Avg
    Mean                              Deg   Deg         Wind                 Dom
Day Temp  High   Time   Low    Time   Days  Days  Rain  Speed High   Time    Dir
----------------------------------------------------------------------------------
 1   6.0   7.2   1:07p   3.5   9:15a  12.3   0.0   0.0   6.1  21.0   1:51p     W
 2   9.2  10.9   7:46p   6.3   9:00a   9.0   0.0   0.2   5.2  19.0   7:00p    SW
 3   9.9  12.3   1:22p   8.3   8:38a   8.4   0.0   0.2   3.6  15.0   5:45a    SW
 4   9.2  11.1  12:10p   8.2   9:14a   9.1   0.0   0.0   3.9  13.0   1:42p   WSW
 5   8.3  11.2  12:49p   5.7   7:20a  10.0   0.0   0.0   3.1  15.0  12:15p   SSW
 6   8.4   9.3   2:04p   7.0   9:00a   9.9   0.0   0.0   3.2  13.0   1:59p   SSW
 7   8.6   9.5   2:08p   7.6  12:27a   9.7   0.0   0.0   4.9  15.0   1:36p   SSW
 8   7.6  10.6   2:05p   2.7   7:37a  10.7   0.0   3.0   4.3  14.0   9:48a   WSW
 9   2.6   7.4  12:34p   0.3   4:35a  15.7   0.0   0.0   2.6   9.0   2:35p   WNW
10   0.7   1.9   3:18p  -0.7   4:28a  17.6   0.0   0.2   1.7   8.0   7:44p   WNW
11   2.4   6.9   2:26p   0.4   6:51a  15.9   0.0   0.0   1.1  16.0   3:00a     E
12   0.6   3.2   1:25p  -2.2   3:35a  17.7   0.0   0.0   6.3  19.0   2:38p   ENE
13   0.7   4.4  12:25p  -0.9   9:00a  17.6   0.0   0.2   1.5  11.0   4:31a   SSW
14   0.8   4.4   2:30p  -1.6   7:13a  17.4   0.0   4.6   5.0  20.0   3:37p   WNW
15  -1.1   4.4  12:45p  -4.1   4:01a  18.8   0.0   0.2   2.8  10.0  10:00a   NNE
16  -2.9  -1.2   8:58a  -4.6  11:21a  21.2   0.0   0.0   1.3   6.0   9:38a   ESE
17  -0.1   1.4   2:07p  -1.3   8:44a  18.4   0.0   0.0   3.3  19.0   6:17a   ESE
18  -2.2  -0.9   8:55a  -3.3   5:17p  20.5   0.0   0.0   6.9  19.0  12:42p     E
19  -1.0  -0.6   8:06a  -1.4  12:11a  19.3   0.0   0.2   6.4  18.0   7:09p    NE
20  -0.6  -0.1  12:12p  -1.7   8:07a  18.9   0.0   1.0   5.5  17.0   1:44p    NE
21  -1.4  -0.4   9:47p  -4.9   8:59a  19.7   0.0   0.4   0.1   5.0   8:58a   ENE
22  -0.6   0.4  10:32p  -5.0   9:04a  18.9   0.0   0.2   2.3  14.0   4:21p   ENE
23  -0.6  -0.2  12:53p  -1.2   8:04p  18.9   0.0   0.0   4.0  13.0   1:12p   ENE
24  -0.3   1.6   1:52p  -2.3   4:54a  18.6   0.0   0.4   1.1  14.0   8:46a   SSE
25   1.4   3.4   8:56a  -0.7   9:00a  16.9   0.0   7.4   6.1  23.0   3:37p     S
26   6.9  10.5   4:41a   3.3   9:24a  11.4   0.0   4.8   6.2  33.0   8:04a   SSW
27   4.6   8.2   1:27p   1.6   6:36a  13.7   0.0   0.4   9.6  35.0  12:39p    SW
28   8.1  10.2  10:50p   2.5   9:05a  10.1   0.0   0.2   8.5  37.0   4:32p   SSW
29  10.7  13.6   3:05p   8.2   9:21a   7.5   0.0   1.8   8.7  31.0   3:36p    SW
30   7.5  10.5  11:55a   5.3   1:22a  10.8   0.0   5.4  10.5  40.0   3:20p   WSW
31   7.0   9.0   3:59p   4.2   7:42a  11.3   0.0   1.2   9.2  36.0  11:24a   WSW
----------------------------------------------------------------------------------
     3.6  13.6    29    -5.0    22   455.9   0.0  32.0   4.7  40.0    30      SW

Max >=  25.0:  0
Max <=   0.0:  6
Min <=   0.0: 15
Min <=  -2.0:  7
Max Rain: 7.4 on day 25
Days of Rain: 19 (>= 0.1 mm)  8 (>= 1.0 mm)  0 (>= 10.0 mm)
Heat Base: 18.3  Cool Base: 18.3  Method: Integration
:now::gauges::real time::current records::monthly records::all-time records::noaa report::trends::station::forum: