tamworth weather

 Latitude N 52 38' 53"    Longitude W 01 41' 24"    Elevation 84 m

NOAA Style Reports

The comparative data used are the 30-year (1971-2000) monthly averages from the Met Office Coleshill station, 11 miles due south of Tamworth.


Report for 2012 Dec
                   Monthly Climatological Summary for Dec 2012

Name: Tamworth Weather   City: Tamworth   County: Staffordshire   Country: UK
Elevation: 84 m  Lat: N 52 38' 53"   Lon: W 001 41' 24"

                  Temperature (C), Rain (mm), Wind Speed (mph)

                                      Heat  Cool        Avg
    Mean                              Deg   Deg         Wind                 Dom
Day Temp  High   Time   Low    Time   Days  Days  Rain  Speed High   Time    Dir
----------------------------------------------------------------------------------
 1   1.1   5.4  11:12a  -2.1   2:32a  17.2   0.0   0.2   4.8  16.0   2:07p   WNW
 2   3.2   7.0   7:50a   0.2   9:00a  15.1   0.0   2.6   1.7  14.0  12:06a   SSW
 3   4.7   8.3  12:28p   2.0   3:27a  13.5   0.0   1.0   5.5  21.0  12:33p   WSW
 4   3.3   7.5   2:13p   0.2   8:22a  14.9   0.0   1.6   5.1  22.0  11:30a     W
 5   0.2   3.9  12:44p  -2.5   6:38a  18.1   0.0   0.0   4.7  21.0   1:30p   WNW
 6   2.7   4.2   6:19p  -1.4   9:00a  15.6   0.0   5.6   6.3  31.0   7:46p    SW
 7   4.1   6.6  12:34p   1.4   5:02a  14.2   0.0   0.0   8.3  25.0  11:04a    NW
 8   6.3   7.7   1:37a   1.8   9:00a  12.0   0.0   0.0   3.7  22.0   2:38a   WSW
 9   4.8   8.4   1:50p   1.0   8:31a  13.5   0.0   0.6   8.5  29.0   2:13p   WNW
10   1.2   6.7   1:12p  -2.3   8:15a  17.1   0.0   0.0   4.6  15.0  11:59a    NW
11  -0.9   4.0  10:58a  -3.4   8:45a  19.2   0.0   0.2   2.0   8.0   8:45p    SW
12  -2.3  -0.1   6:28p  -4.4   8:28a  20.6   0.0   0.0   1.2   5.0   9:11a    SE
13  -0.9   2.9   8:01a  -4.2   9:00a  19.0   0.0   0.2   1.8  17.0   8:52a     E
14   6.3   7.8   5:26p   2.9   9:00a  12.0   0.0   9.6   7.3  26.0   1:01p     S
15   5.9   8.8   1:49p   3.8   7:14a  12.4   0.0   0.4   6.4  18.0  12:10p     S
16   5.5   7.9   1:22p   3.6   8:04a  12.8   0.0   1.4   4.1  16.0   1:26p     S
17   6.2   8.7  12:11p   4.2   9:00a  12.1   0.0   2.0   5.1  19.0   2:07p     W
18   4.7   6.3  11:51a   2.9   6:57a  13.6   0.0   0.2   3.2  13.0   7:23a   ENE
19   5.2   5.9   2:39p   3.2   9:00a  13.1   0.0   8.0   5.5  22.0   7:40a   ESE
20   6.9   7.3   2:35p   5.7   9:00a  11.4   0.0   4.0   6.9  18.0   9:27a   SSE
21   6.9   8.3   2:39p   5.7  11:07p  11.3   0.0   4.6   3.8  19.0   7:48a     S
22  10.7  13.1   3:19a   6.7   9:00a   7.5   0.0   6.6   5.9  33.0   7:14a   SSW
23   7.8  10.0   1:50p   5.7   5:15a  10.5   0.0   1.6   7.5  30.0   9:03a    SW
24   6.3   7.0   8:29p   5.4   4:32a  12.0   0.0   5.0   3.0  15.0   6:05a     S
25   5.7   7.7  12:35p   4.1   3:43a  12.6   0.0   0.4   5.2  20.0   4:19p    SW
26   6.7   8.9   5:57p   4.9   5:26a  11.5   0.0   5.0   6.7  30.0   8:28p    SW
27   5.3   7.2   8:59a   4.3  11:43p  13.0   0.0   5.4   4.0  19.0  12:56p    SW
28  10.6  11.4   4:31a   7.2   9:00a   7.7   0.0   0.8   8.1  35.0   6:30a   SSW
29   6.0  10.1   9:45a   3.9   2:39a  12.3   0.0   6.6   9.8  30.0   9:43a    SW
30   8.9  10.9  12:06a   4.3   9:00a   9.4   0.0   0.2   9.1  34.0   7:49a    SW
31   7.4  10.3   9:09a   3.5   8:35a  10.8   0.0   1.4   9.1  31.0   9:32a    SW
----------------------------------------------------------------------------------
     4.9  13.1    22    -4.4    12   416.0   0.0  75.2   5.4  35.0    28      SW

Max >=  25.0:  0
Max <=   0.0:  1
Min <=   0.0:  7
Min <=  -2.0:  6
Max Rain: 9.6 on day 14
Days of Rain: 26 (>= 0.1 mm)  17 (>= 1.0 mm)  0 (>= 10.0 mm)
Heat Base: 18.3  Cool Base: 18.3  Method: Integration
:now::gauges::real time::current records::monthly records::all-time records::noaa report::trends::station::forum: