tamworth weather

 Latitude N 52 38' 53"    Longitude W 01 41' 24"    Elevation 84 m

NOAA Style Reports

The comparative data used are the 30-year (1971-2000) monthly averages from the Met Office Coleshill station, 11 miles due south of Tamworth.


Report for 2012 Nov
                   Monthly Climatological Summary for Nov 2012

Name: Tamworth Weather   City: Tamworth   County: Staffordshire   Country: UK
Elevation: 84 m  Lat: N 52 38' 53"   Lon: W 001 41' 24"

                  Temperature (C), Rain (mm), Wind Speed (mph)

                                      Heat  Cool        Avg
    Mean                              Deg   Deg         Wind                 Dom
Day Temp  High   Time   Low    Time   Days  Days  Rain  Speed High   Time    Dir
----------------------------------------------------------------------------------
 1   5.2   7.5   2:23p   3.8   8:55p  13.1   0.0   0.6   4.8  19.0   9:41p    SW
 2   5.3   9.4   3:11p   2.3   4:34a  13.0   0.0   0.2   6.5  21.0   1:10p   SSW
 3   4.0   8.7   2:09p   0.8   5:08a  14.3   0.0   0.2   4.1  16.0   9:52a    SW
 4   3.0   5.4   2:00p   0.7   7:28a  15.3   0.0   0.2   1.8  11.0   1:16p     N
 5   4.9  10.3   1:12p   1.2  12:46a  13.4   0.0   0.0   2.5  14.0   2:22p   WNW
 6   8.0   9.8   9:50p   4.8   7:18a  10.3   0.0   0.6   5.2  21.0  11:51p     W
 7   9.2  10.6   1:52p   6.6   9:00a   9.1   0.0   0.0   6.2  21.0   3:48p   WSW
 8   9.0  11.7  12:56p   7.9   1:47a   9.3   0.0   0.0   5.4  20.0   8:22a    SW
 9   8.5  10.4   1:13p   7.2   6:11a   9.7   0.0   1.4   7.1  23.0  12:04p   SSW
10   5.6  10.4   2:23p   2.1   5:51a  12.7   0.0   0.2   2.5  10.0   2:26p    SW
11   7.2  10.7   1:13p   4.6   9:17a  11.1   0.0   0.0   2.4  13.0   8:59a    SW
12  10.0  11.5  10:25p   7.2  10:22a   8.3   0.0   1.8   4.9  18.0   4:22a   SSW
13  11.6  13.2  12:35p  10.2   5:20a   6.7   0.0   0.0   5.2  19.0   2:20p     S
14   7.6  12.4   1:00p   3.6   8:13a  10.7   0.0   0.2   2.0  10.0  11:02a   SSE
15   4.9   5.7  10:37p   3.6   4:36p  13.4   0.0   0.0   1.8  11.0   4:21p   SSW
16   7.2   8.1  12:34a   5.6   9:00a  11.0   0.0   4.8   2.1  11.0   9:51p     S
17   4.6   9.9   2:42p   0.6   7:07a  13.7   0.0   0.2   2.5  14.0  12:57p   WSW
18   5.7   8.4   1:55p   1.7   9:00a  12.6   0.0   0.0   3.2  19.0   6:47a     S
19  10.2  12.3   8:37a   6.4   9:00a   8.1   0.0   0.6   7.7  25.0  11:56a     S
20  10.3  13.4  12:51p   6.8   7:19a   8.0   0.0  12.8   6.1  21.0   9:31a     S
21   6.8  10.6   8:59a   5.2   8:04p  11.5   0.0   6.8   4.1  21.0   8:15a   SSW
22   8.4  12.6  12:35p   3.9   7:05a   9.8   0.0   9.4   9.8  43.0   5:13p   SSW
23   5.1   9.9   1:41p   0.1   6:57a  13.2   0.0   0.4   5.0  16.0   1:41p   SSW
24   6.2   7.9  11:03p   0.6   9:00a  12.1   0.0  15.8   4.6  30.0   8:00a   ENE
25   7.7   9.4  10:36p   5.2   8:47a  10.6   0.0   1.0   7.5  28.0   9:44a   SSW
26   6.5   8.2   2:07p   5.2   9:00a  11.8   0.0   5.0   3.0  27.0   8:06a   NNW
27   5.6   7.4  12:57p   3.7   7:54a  12.6   0.0   0.4   7.2  23.0  10:46a   NNW
28   2.7   7.3  11:35a  -0.2   6:57a  15.6   0.0   0.0   5.4  17.0  11:05a    NW
29   1.0   5.8  12:13p  -1.3   5:18a  17.3   0.0   0.0   3.1  10.0   9:39a   WNW
30   0.8   3.3   7:52a  -1.3   6:51p  17.5   0.0   0.4   1.0  15.0   7:53a     W
----------------------------------------------------------------------------------
     6.4  13.4    20    -1.3    29   355.8   0.0  63.0   4.5  43.0    22      SW

Max >=  25.0:  0
Max <=   0.0:  0
Min <=   0.0:  3
Min <=  -2.0:  0
Max Rain: 15.8 on day 24
Days of Rain: 21 (>= 0.1 mm)  9 (>= 1.0 mm)  2 (>= 10.0 mm)
Heat Base: 18.3  Cool Base: 18.3  Method: Integration
:now::gauges::real time::current records::monthly records::all-time records::noaa report::trends::station::forum: