tamworth weather

 Latitude N 52 38' 53"    Longitude W 01 41' 24"    Elevation 84 m

NOAA Style Reports

The comparative data used are the 30-year (1971-2000) monthly averages from the Met Office Coleshill station, 11 miles due south of Tamworth.


Report for 2012 Sep
                   Monthly Climatological Summary for Sep 2012

Name: Tamworth Weather   City: Tamworth   County: Staffordshire   Country: UK
Elevation: 84 m  Lat: N 52 38' 53"   Lon: W 001 41' 24"

                  Temperature (C), Rain (mm), Wind Speed (mph)

                                      Heat  Cool        Avg
    Mean                              Deg   Deg         Wind                 Dom
Day Temp  High   Time   Low    Time   Days  Days  Rain  Speed High   Time    Dir
----------------------------------------------------------------------------------
 1  16.5  21.6   4:11p  13.6   7:07a   2.2   0.4   0.0   4.7  17.0   5:08p    SW
 2  16.0  23.1   5:38p  10.8   6:53a   3.0   0.7   0.0   2.9  10.0  10:14a   WNW
 3  18.0  23.4   2:48p  13.9   6:32a   1.6   1.2   0.0   1.9  12.0   4:11p   WSW
 4  14.3  22.3   2:53p   8.6   6:20a   4.5   0.5   0.0   3.3  15.0   2:53p   WNW
 5  13.8  21.6   2:15p   7.7   6:37a   4.9   0.5   0.0   3.1  20.0  11:55a    NW
 6  16.2  21.1   4:56p  12.4   7:06a   2.5   0.4   0.0   4.0  19.0  11:26a   WSW
 7  17.4  24.9   5:12p  10.5   6:54a   2.6   1.6   0.0   3.8  13.0   1:26p     W
 8  16.3  24.9   3:31p   8.1   6:46a   3.5   1.5   0.0   1.9  12.0   2:58p     S
 9  18.5  25.3   1:56p  14.7   5:06a   1.3   1.5   0.2   4.6  24.0   3:49p   SSW
10  15.0  18.9   3:40p  10.6   7:23a   3.3   0.1   2.0   7.5  23.0   3:54p    SW
11  11.2  16.3   3:01p   6.6   4:19a   7.1   0.0   0.0   6.1  23.0   2:39p   WSW
12  10.7  15.8   1:45p   5.9   5:11a   7.5   0.0   1.8   5.2  21.0   5:28p     W
13  14.7  17.8   3:28p  12.0  10:00a   3.6   0.0   0.0   4.6  24.0   4:16a   WSW
14  13.4  17.4   1:02p   9.8   5:14a   4.9   0.0   0.0   8.6  29.0  11:02a     W
15  15.0  18.8   3:44p  12.0   3:43a   3.4   0.0   0.0   4.5  15.0   4:33p    SW
16  13.9  19.2   2:37p   8.7   6:40a   4.4   0.0   0.2   6.2  21.0   7:28p    SW
17  12.7  16.7   1:27p   9.2   7:10a   5.6   0.0   0.2   5.2  25.0   2:54p   WSW
18  10.4  16.0   3:56p   6.7   5:41a   7.9   0.0   0.0   6.1  24.0   5:19p     W
19  11.0  15.7   3:08p   8.6  10:07p   7.3   0.0   0.2   4.9  19.0  10:28a   WSW
20  12.6  15.6   4:02p  10.6   6:44a   5.7   0.0   0.0   5.0  21.0  12:38p    SW
21   7.9  12.1  10:04a   2.8   7:00a  10.5   0.0   5.0   3.4  11.0  11:11a     N
22   9.5  16.3   2:38p   5.3   6:20a   8.7   0.0   0.0   1.7  11.0   9:44a     E
23   9.5  12.0  12:54p   7.7   8:56p   8.8   0.0  17.8   5.4  23.0  12:38a   ENE
24  10.2  12.4   5:03p   7.8   4:45a   8.0   0.0   9.0   8.6  24.0   6:26p    SW
25  10.4  12.7   1:48p   9.2   6:54a   7.9   0.0   7.2   8.3  26.0  11:57a     S
26  11.1  14.8   4:31p   7.3   7:19a   7.2   0.0   0.8   4.8  15.0   1:29p   NNE
27  10.8  15.9   3:13p   8.0  12:58a   7.5   0.0   1.2   3.5  19.0   7:39a    SW
28  11.2  15.7   3:20p   7.4   6:27a   7.1   0.0   2.8   5.7  20.0   3:22p   WSW
29  10.9  14.8   4:11p   7.8   2:30a   7.4   0.0   0.0   5.2  20.0  12:57p   WSW
30  13.2  14.9  12:42p  10.2   7:36a   5.1   0.0   1.4   7.5  27.0   2:09p   SSW
----------------------------------------------------------------------------------
    13.1  25.3     9     2.8    21   165.0   8.4  49.8   4.9  29.0    14     WSW

Max >=  25.0:  1
Max <=   0.0:  0
Min <=   0.0:  0
Min <=  -2.0:  0
Max Rain: 17.8 on day 23
Days of Rain: 14 (>= 0.1 mm)  9 (>= 1.0 mm)  1 (>= 10.0 mm)
Heat Base: 18.3  Cool Base: 18.3  Method: Integration
:now::gauges::real time::current records::monthly records::all-time records::noaa report::trends::station::forum: