tamworth weather

 Latitude N 52 38' 53"    Longitude W 01 41' 24"    Elevation 84 m

NOAA Style Reports

The comparative data used are the 30-year (1971-2000) monthly averages from the Met Office Coleshill station, 11 miles due south of Tamworth.


Report for 2012 Aug
                   Monthly Climatological Summary for Aug 2012

Name: Tamworth Weather   City: Tamworth   County: Staffordshire   Country: UK
Elevation: 84 m  Lat: N 52 38' 53"   Lon: W 001 41' 24"

                  Temperature (C), Rain (mm), Wind Speed (mph)

                                      Heat  Cool        Avg
    Mean                              Deg   Deg         Wind                 Dom
Day Temp  High   Time   Low    Time   Days  Days  Rain  Speed High   Time    Dir
----------------------------------------------------------------------------------
 1  17.1  21.7   4:29p  13.7   6:26a   1.8   0.5   0.2   5.3  24.0   4:34p     S
 2  15.6  20.4   1:49p  11.6   5:50a   2.8   0.1   6.2   4.8  29.0   2:30p   SSW
 3  16.5  20.2   3:30p  13.6   5:14a   2.0   0.2   0.0   4.9  19.0   6:31p     S
 4  15.2  20.1  12:05p  11.7   4:28a   3.4   0.2   9.4   3.7  16.0  12:42p     S
 5  14.8  20.1   2:30p  12.4   5:45a   3.5   0.0   3.2   2.8  17.0   3:12p   SSW
 6  14.5  18.3  12:07p  11.3   4:43a   3.8   0.0   1.0   2.9  13.0   2:31p   WSW
 7  16.1  19.8   2:05p  14.1  10:00a   2.3   0.1   0.2   4.2  15.0  12:34p    SW
 8  17.9  25.5   5:30p  11.9   6:07a   1.9   1.5   0.0   1.8  10.0  12:56p   WNW
 9  19.3  26.7   4:18p  12.4   5:45a   1.5   2.5   0.0   2.7  12.0  12:00p    NW
10  18.9  27.0   1:45p  13.5  12:45a   1.9   2.4   0.0   2.7  15.0   8:45p   ENE
11  17.3  23.1   5:00p  11.8   5:15a   2.2   1.2   0.0   4.8  19.0   4:45p     E
12  18.2  22.0   6:34p  14.8   6:32a   1.0   0.9   0.4   2.5  16.0   9:41a   SSE
13  17.6  21.4   2:18p  14.2   5:51a   1.3   0.6   0.4   4.9  18.0  12:28p   SSE
14  19.7  24.1   5:52p  16.2   3:52a   0.5   1.9   0.0   3.5  22.0   9:48a    SE
15  16.4  20.6  10:10a  13.8   3:52a   2.1   0.3  11.6   6.2  25.0  10:12a   SSE
16  18.0  21.3   1:15p  16.4  11:16p   0.7   0.5   0.6   6.3  24.0  10:13a     S
17  18.5  21.2   7:12p  15.8   4:00a   0.6   0.7   0.8   6.9  33.0   3:47p     S
18  19.7  24.0   5:50p  15.3   5:02a   0.7   2.0   0.0   3.0  15.0   1:46p    SW
19  19.0  24.6  12:22p  15.3  12:14a   1.3   1.9   2.4   1.9  14.0   6:13p   WNW
20  17.7  23.4   4:59p  14.1   4:37a   1.7   1.1   0.2   2.0  13.0   2:05p    SW
21  15.6  20.6   4:56p  11.8   6:05a   2.9   0.3   7.8   3.6  21.0   6:02p   SSW
22  15.4  20.4   4:27p  11.7   6:08a   3.1   0.2   0.2   5.1  21.0   4:20p    SW
23  15.6  18.8   2:57p  13.1   4:49a   2.7   0.0   0.8   2.8  11.0   2:22p    SW
24  15.9  18.8   1:22p  14.4  10:32p   2.5   0.0   6.4   2.7  16.0   3:28p   SSE
25  15.4  20.9   1:39p  11.8   6:41a   3.1   0.3   4.8   4.9  20.0  12:10a     W
26  15.0  19.4   4:28p  10.9   2:19a   3.3   0.1   0.2   3.9  19.0   9:39a   SSW
27  15.1  18.1   2:58p  11.7   6:19a   3.2   0.0   3.2   6.4  25.0   5:22p     S
28  16.5  20.8   2:51p  13.8  11:55p   2.2   0.3   4.0   4.6  21.0   9:24a   SSW
29  13.2  15.6   4:58p  11.3   2:53a   5.1   0.0   4.2   6.4  24.0   9:08a     S
30  11.5  17.9   1:06p   6.2   4:18a   6.8   0.0   0.0   5.4  22.0  11:04a   NNW
31  14.4  17.5   1:18p  12.3   9:31p   3.9   0.0   0.0   2.7  14.0   1:51p     W
----------------------------------------------------------------------------------
    16.5  27.0    10     6.2    30    75.8  19.8  68.2   4.1  33.0    17     SSW

Max >=  25.0:  3
Max <=   0.0:  0
Min <=   0.0:  0
Min <=  -2.0:  0
Max Rain: 11.6 on day 15
Days of Rain: 22 (>= 0.1 mm)  12 (>= 1.0 mm)  1 (>= 10.0 mm)
Heat Base: 18.3  Cool Base: 18.3  Method: Integration
:now::gauges::real time::current records::monthly records::all-time records::noaa report::trends::station::forum: