tamworth weather

 Latitude N 52 38' 53"    Longitude W 01 41' 24"    Elevation 84 m

NOAA Style Reports

The comparative data used are the 30-year (1971-2000) monthly averages from the Met Office Coleshill station, 11 miles due south of Tamworth.


Report for 2012 Jul
                   Monthly Climatological Summary for Jul 2012

Name: Tamworth Weather   City: Tamworth   County: Staffordshire   Country: UK
Elevation: 84 m  Lat: N 52 38' 53"   Lon: W 001 41' 24"

                  Temperature (C), Rain (mm), Wind Speed (mph)

                                      Heat  Cool        Avg
    Mean                              Deg   Deg         Wind                 Dom
Day Temp  High   Time   Low    Time   Days  Days  Rain  Speed High   Time    Dir
----------------------------------------------------------------------------------
 1  14.4  18.1   5:52p  12.2   4:43a   3.9   0.0   0.4   6.5  21.0   4:32p    SW
 2  14.8  16.6   5:34p  13.6  10:16a   3.5   0.0   3.6   6.3  18.0  10:54a     S
 3  15.7  17.4   1:58p  15.1   5:42a   2.6   0.0   2.2   4.5  17.0   3:08p     S
 4  16.7  21.7   5:31p  12.3   5:52a   2.1   0.5   3.2   4.5  16.0   3:49p     S
 5  18.5  23.6   5:09p  14.8   9:34a   1.1   1.3   8.2   1.6  12.0   5:01a   NNE
 6  13.7  16.4   7:31p  10.7   3:00a   4.6   0.0  12.8   3.1  16.0   6:31p   SSE
 7  15.5  20.4   1:13p  12.3   2:29a   2.9   0.1   2.0   3.1  15.0  10:57a   ENE
 8  15.9  21.7   1:46p  12.7   4:02a   2.8   0.4   0.2   3.3  20.0   6:18p   WNW
 9  15.6  20.3   4:37p  12.5   8:43a   2.9   0.2   0.4   3.3  11.0  10:21a   WSW
10  12.1  15.4   3:35p   9.7   3:05a   6.2   0.0   2.6   3.4  13.0   1:54p     W
11  13.0  17.6   4:07p   8.7   5:04a   5.3   0.0   0.0   4.8  22.0   1:20p     W
12  14.1  18.7   2:46p  12.3  10:40p   4.2   0.0   5.4   4.5  18.0   5:45p   SSE
13  13.0  16.6   4:41p  10.8   3:35a   5.3   0.0  12.0   4.1  19.0   6:41p    NE
14  13.4  20.1   2:15p   9.9   3:45a   4.9   0.0   0.0   3.8  20.0   3:45p   WNW
15  14.3  17.8   4:45p  12.0   2:45a   4.0   0.0   0.6   5.3  20.0   6:30p   WSW
16  15.3  17.3   5:15p  13.6  11:30a   3.0   0.0   7.8   5.6  19.0   3:00p   WSW
17  17.8  21.1   3:15p  15.4   5:00a   1.2   0.7   0.0   6.0  19.0   5:15p    SW
18  15.5  20.1   5:45p  12.1   4:00a   3.0   0.1   9.8   6.4  19.0   7:00p   WSW
19  13.3  16.3  12:00p  11.6   5:30a   5.0   0.0   2.2   5.0  16.0  12:00p     W
20  13.5  20.0   5:00p   9.3   5:15a   4.9   0.0   0.0   3.3  13.0  11:30a     N
21  16.6  20.5   2:30p  13.6   5:00a   2.0   0.3   0.0   1.2  16.0   9:45a   SSW
22  18.5  23.1   4:30p  13.1   5:30a   1.3   1.5   0.0   5.5  22.0  12:00p   SSW
23  20.1  25.6   5:00p  14.3   5:13a   0.8   2.6   0.0   5.5  21.0   1:30p   SSW
24  22.2  29.3   5:34p  15.8   5:28a   0.4   4.3   0.0   2.8  11.0   2:47p   WSW
25  20.1  27.7   5:28p  13.9   4:29a   1.4   3.2   0.0   4.1  16.0   2:04p    NE
26  20.6  27.4   4:22p  14.8   6:46a   0.9   3.1   0.0   3.4  13.0  11:22a   WNW
27  16.3  24.1   2:27p  10.2   4:57a   3.2   1.2   0.0   4.8  16.0  12:51p   WNW
28  14.9  20.0   4:03p  10.7   5:58a   3.5   0.1   0.0   4.8  19.0   4:17p   WSW
29  13.6  18.2   6:24p  11.3   4:58a   4.6   0.0   4.0   4.6  17.0   5:24p   WSW
30  13.4  18.5   5:26p  10.1   6:35a   4.9   0.0   4.0   4.6  19.0   5:38p   WSW
31  16.2  19.4   2:44p  12.1  10:00a   2.1   0.1   0.6   3.1  15.0   5:29a     S
----------------------------------------------------------------------------------
    15.8  29.3    24     8.7    11    98.5  19.7  82.0   4.3  22.0    11      SW

Max >=  25.0:  4
Max <=   0.0:  0
Min <=   0.0:  0
Min <=  -2.0:  0
Max Rain: 12.8 on day 6
Days of Rain: 19 (>= 0.1 mm)  14 (>= 1.0 mm)  2 (>= 10.0 mm)
Heat Base: 18.3  Cool Base: 18.3  Method: Integration
:now::gauges::real time::current records::monthly records::all-time records::noaa report::trends::station::forum: