tamworth weather

 Latitude N 52 38' 53"    Longitude W 01 41' 24"    Elevation 84 m

NOAA Style Reports

The comparative data used are the 30-year (1971-2000) monthly averages from the Met Office Coleshill station, 11 miles due south of Tamworth.


Report for 2012 May
                   Monthly Climatological Summary for May 2012

Name: Tamworth Weather   City: Tamworth   County: Staffordshire   Country: UK
Elevation: 84 m  Lat: N 52 38' 53"   Lon: W 001 41' 24"

                  Temperature (C), Rain (mm), Wind Speed (mph)

                                      Heat  Cool        Avg
    Mean                              Deg   Deg         Wind                 Dom
Day Temp  High   Time   Low    Time   Days  Days  Rain  Speed High   Time    Dir
----------------------------------------------------------------------------------
 1   8.6   9.5  12:27p   7.8   1:01a   9.7   0.0   1.8   5.4  25.0  12:28p    NE
 2  10.7  17.6   3:04p   6.2   6:06a   7.6   0.0   0.0   4.4  23.0   6:56p    NE
 3   6.8   8.3   5:28p   5.3   8:16a  11.5   0.0   6.2   4.8  14.0   9:01a    NE
 4   6.0  10.9   4:06p   1.3   5:40a  12.3   0.0   0.0   3.9  23.0  10:01p   NNE
 5   5.7   9.5  12:27p   2.1   5:40a  12.6   0.0   0.0   5.5  18.0   1:46p    NE
 6   7.2  13.4   3:09p   1.3   5:18a  11.1   0.0   0.0   2.7  12.0   1:44p   ENE
 7   9.2  11.4   8:59a   7.0   9:00a   9.1   0.0   3.2   4.6  21.0  11:17a   SSE
 8  12.5  17.4   3:50p   8.3   5:37a   5.8   0.0   0.0   5.4  23.0   4:08p   WSW
 9  13.1  14.9   8:57a  11.4   2:51p   5.2   0.0  10.6   3.0  24.0   4:39a     S
10  14.1  18.3   2:15p   9.8   5:37a   4.1   0.0   0.0   9.3  30.0   2:50p    SW
11   8.1  12.1   1:05p   3.0   5:34a  10.2   0.0   0.0   8.3  29.0   5:35p   WNW
12  10.0  15.8   3:22p   4.5   5:22a   8.3   0.0   0.0   4.5  17.0  10:19a   WNW
13  11.3  15.8   3:05p   7.4   1:50a   7.0   0.0   0.8   6.6  27.0   4:32p    SW
14   9.5  15.4   2:31p   3.7   8:15a   8.8   0.0   0.6   6.8  22.0   6:48a     W
15   6.7  12.0   2:00p   3.7   5:29a  11.5   0.0   3.0   5.9  25.0  10:11a   WNW
16   8.8  13.7   2:19p   4.5   4:00a   9.5   0.0   0.2   4.0  16.0  12:09p   WNW
17  10.1  13.9   5:12p   7.2   5:17a   8.2   0.0   0.4   3.0  19.0   7:36a   ENE
18  10.7  16.3   1:00p   7.7   7:53a   7.6   0.0   4.0   8.3  25.0   2:44p    NE
19   8.2   9.6  12:44p   6.7   4:55a  10.1   0.0   0.0   5.1  12.0   9:08a    NE
20  10.2  13.1   4:39p   8.1   9:00a   8.1   0.0   0.0   3.9  12.0   3:46a    NE
21  13.5  20.7   3:57p   8.6   9:00a   5.1   0.3   0.0   3.7  12.0   8:17a   NNW
22  17.9  25.3   3:24p  10.8   5:24a   2.5   2.1   0.0   4.8  15.0   1:25p    NW
23  19.4  29.7   4:39p  12.4   5:24a   2.1   3.3   0.0   3.4  12.0  10:47p    NW
24  19.4  28.8   4:21p  13.7   5:57a   1.4   2.5   0.0   3.6  14.0   7:47a    NE
25  17.8  25.0   2:07p  10.7   4:16a   2.6   2.0   0.0   7.0  24.0   2:21p   ENE
26  17.1  24.8   2:45p   9.4   5:01a   3.1   1.9   0.0   7.8  25.0   1:14p   ENE
27  18.4  25.9   4:32p  10.7   4:58a   2.3   2.4   0.0   5.5  21.0   1:12p   ENE
28  19.2  26.4  12:36p  12.4   5:12a   1.8   2.8   0.0   2.7  12.0   9:32p   WNW
29  17.3  23.2   5:32p  11.8   5:15a   1.8   0.9   0.0   2.5  10.0  11:21p    NW
30  16.7  24.7   1:42p  11.9   3:25a   2.7   1.2   4.2   2.7  17.0   5:12p     W
31  14.4  16.2  12:29p  12.9   3:15a   3.9   0.0   0.6   4.4  18.0  12:30p     W
----------------------------------------------------------------------------------
    12.2  29.7    23     1.3     4   207.6  19.4  35.6   4.9  30.0    10       N

Max >=  25.0:  6
Max <=   0.0:  0
Min <=   0.0:  0
Min <=  -2.0:  0
Max Rain: 10.6 on day 9
Days of Rain: 12 (>= 0.1 mm)  7 (>= 1.0 mm)  1 (>= 10.0 mm)
Heat Base: 18.3  Cool Base: 18.3  Method: Integration
:now::gauges::real time::current records::monthly records::all-time records::noaa report::trends::station::forum: