tamworth weather

 Latitude N 52 38' 53"    Longitude W 01 41' 24"    Elevation 84 m

NOAA Style Reports

The comparative data used are the 30-year (1971-2000) monthly averages from the Met Office Coleshill station, 11 miles due south of Tamworth.


Report for 2012 Apr
                   Monthly Climatological Summary for Apr 2012

Name: Tamworth Weather   City: Tamworth   County: Staffordshire   Country: UK
Elevation: 84 m  Lat: N 52 38' 53"   Lon: W 001 41' 24"

                  Temperature (C), Rain (mm), Wind Speed (mph)

                                      Heat  Cool        Avg
    Mean                              Deg   Deg         Wind                 Dom
Day Temp  High   Time   Low    Time   Days  Days  Rain  Speed High   Time    Dir
----------------------------------------------------------------------------------
 1   8.5  16.2   1:55p   3.7   9:02a   9.8   0.0   0.0   6.0  12.0   4:07p   WNW
 2   8.6  11.8  12:21p   6.7   6:48a   9.7   0.0   0.0   3.4  15.0  12:26p   WNW
 3   5.8  11.4  12:22p   1.1   4:27a  12.5   0.0   5.6   3.7  30.0   7:38a   NNW
 4   3.2   3.9   2:10a   1.2   9:00a  15.1   0.0   5.8  11.4  38.0  12:40p    NE
 5   4.3   9.9   5:49p  -0.4   4:57a  14.0   0.0   0.0   5.7  15.0   1:49p    NE
 6   7.9   9.8   5:09p   4.2   9:00a  10.4   0.0   0.2   3.6  14.0  10:07a   WNW
 7   8.0   9.4   8:58a   6.9   9:10a  10.3   0.0   0.4   3.2  17.0   8:49a    NW
 8   9.3  12.4   3:14p   7.6   5:28a   9.0   0.0   1.4   5.3  20.0   3:51p   WSW
 9   8.2  11.3   2:47p   4.5   6:29a  10.1   0.0   2.2   7.5  27.0   1:05a    SW
10   7.1  12.1   5:05p   3.5   6:00a  11.2   0.0   0.4   6.9  21.0  11:45a   WSW
11   7.6  12.8   2:06p   5.3   3:51a  10.6   0.0   0.4   3.7  21.0   2:10p   WNW
12   5.9  13.7  11:13a   0.9   6:20a  12.4   0.0   9.0   2.2  16.0   2:04p   NNW
13   6.4  13.8   3:47p   2.6   6:20a  11.9   0.0   0.0   2.2  13.0   5:11p    NE
14   5.4  13.4   2:34p  -0.6   6:13a  12.9   0.0   0.4   4.6  22.0   5:05p   NNE
15   5.8  12.3   3:37p  -0.2   5:10a  12.5   0.0   0.0   4.1  17.0  10:11a     N
16   7.2  10.3   2:13p   4.8   3:30a  11.1   0.0   2.6   4.4  27.0   4:27a   SSW
17   7.7  11.9   2:47p   4.7   1:02a  10.6   0.0   2.2   8.8  25.0  12:09p   SSW
18   7.0   9.9   1:15p   5.4   1:49a  11.3   0.0  12.8   4.9  21.0   9:07a   NNE
19   7.0  10.8   2:19p   4.3   5:20a  11.3   0.0   3.6   4.5  17.0  12:15p   WNW
20   6.7  11.4   1:22p   2.6   4:39a  11.6   0.0   0.6   4.0  17.0   1:50p   WSW
21   7.6  11.9   2:11p   4.9   6:35a  10.7   0.0   1.6   4.4  25.0   3:51p     W
22   7.5  11.8   3:13p   5.6  11:39p  10.8   0.0   6.2   4.9  18.0  10:59a   WSW
23   8.3  13.7   2:18p   4.7   5:43a  10.0   0.0   0.2   4.9  21.0   3:01p    NE
24   8.1  16.1   3:13p   4.2   1:34a  10.2   0.0   4.8   3.5  27.0   8:12a    NE
25   8.1  10.8   3:30p   5.2  11:03a  10.2   0.0  12.8   7.4  27.0  10:22a   ESE
26   9.7  13.3   3:41p   6.3   3:35a   8.6   0.0   1.2   7.5  25.0   3:28p   SSW
27   6.1   7.3   9:00a   5.2  10:41p  12.2   0.0   5.0   6.0  22.0   9:36p    NE
28   6.2   8.7   3:39p   3.9   6:25a  12.1   0.0   8.4   9.5  33.0  12:05a    NE
29   6.5  10.7   8:37a   4.2   9:05a  11.8   0.0   6.8  12.6  38.0  10:00a   ENE
30  12.2  17.6   3:17p   9.1   8:43a   6.1   0.0   6.2   8.1  25.0   7:16p   ENE
----------------------------------------------------------------------------------
     7.3  17.6    30    -0.6    14   331.0   0.0 100.8   5.6  38.0     4       N

Max >=  25.0:  0
Max <=   0.0:  0
Min <=   0.0:  3
Min <=  -2.0:  0
Max Rain: 12.8 on day 18
Days of Rain: 25 (>= 0.1 mm)  18 (>= 1.0 mm)  2 (>= 10.0 mm)
Heat Base: 18.3  Cool Base: 18.3  Method: Integration
:now::gauges::real time::current records::monthly records::all-time records::noaa report::trends::station::forum: