tamworth weather

 Latitude N 52 38' 53"    Longitude W 01 41' 24"    Elevation 84 m

NOAA Style Reports

The comparative data used are the 30-year (1971-2000) monthly averages from the Met Office Coleshill station, 11 miles due south of Tamworth.


Report for 2012 Mar
                   Monthly Climatological Summary for Mar 2012

Name: Tamworth Weather   City: Tamworth   County: Staffordshire   Country: UK
Elevation: 84 m  Lat: N 52 38' 53"   Lon: W 001 41' 24"

                  Temperature (C), Rain (mm), Wind Speed (mph)

                                      Heat  Cool        Avg
    Mean                              Deg   Deg         Wind                 Dom
Day Temp  High   Time   Low    Time   Days  Days  Rain  Speed High   Time    Dir
----------------------------------------------------------------------------------
 1   8.5  16.8   2:35p   2.8   7:31a   9.8   0.0   0.0   1.6  10.0  12:10p     W
 2   8.1  12.2   1:59p   5.8  12:16a  10.2   0.0   0.0   2.1  13.0   7:09a   ESE
 3   8.1  12.8  12:44p   5.2   1:14a  10.2   0.0   4.8   6.0  24.0   1:25p   SSW
 4   3.6   6.3   3:52p   2.6  10:59a  14.7   0.0   5.2   6.9  32.0   4:59p    NW
 5   3.9  10.3   3:49p  -2.2   6:58a  14.4   0.0   0.0   7.0  26.0  10:33a    NW
 6   7.1  10.1   1:20p  -0.1   9:00a  11.1   0.0   1.2   3.6  31.0   2:13a   SSW
 7   5.3  10.1  10:07a   1.2   3:57a  13.1   0.0   0.8   9.1  30.0   1:50p     W
 8   8.8  12.2   2:03p   5.3   9:00a   9.5   0.0   0.0   4.0  18.0  10:40a    SW
 9  10.7  13.4   1:14p   8.8  12:17a   7.6   0.0   0.0   5.9  25.0   1:45p   WSW
10  10.9  15.2   2:38p   7.7   6:53a   7.4   0.0   0.0   5.5  18.0  11:14a   WNW
11   9.8  16.0   2:03p   5.9   3:36a   8.5   0.0   0.0   5.4  16.0   9:17a    NW
12   8.1  12.6   3:33p   6.5   4:52a  10.2   0.0   0.0   3.4  10.0   9:08a    NW
13   8.3  11.9   2:50p   5.4   8:05a  10.0   0.0   0.0   1.3   8.0   8:54a    SE
14   5.2   8.4   4:00p   3.7   8:54p  13.1   0.0   0.0   2.2  11.0   2:34p   SSE
15   6.1   7.9   8:55a   3.7   9:00a  12.2   0.0   0.0   0.9  12.0  12:15a    SW
16   8.1   9.4   2:24p   6.8  10:47p  10.2   0.0   0.0   5.6  18.0   7:03p   SSW
17   6.8  11.7  11:35a   2.8   4:06a  11.5   0.0   4.8   3.7  14.0   8:28a   WSW
18   5.3  13.3   2:44p   1.8   4:26a  13.0   0.0   1.6   2.6  15.0   9:11a   WNW
19   7.7  11.6   4:12p   4.9   3:20a  10.6   0.0   0.0   4.0  18.0   4:43p   WSW
20   9.6  15.6   2:11p   4.7   2:29a   8.7   0.0   0.0   4.6  16.0  11:36a     W
21   7.9  15.3   3:38p   1.7   5:26a  10.4   0.0   0.0   1.6   8.0  12:35p    NE
22  10.4  16.3   2:25p   6.3   6:36a   7.9   0.0   0.0   4.4  18.0   2:15p   ENE
23   9.0  17.3   3:52p   3.7   6:10a   9.3   0.0   0.0   2.1   9.0  12:18p    NE
24   9.8  18.1   3:22p   3.5   7:13a   8.4   0.0   0.0   1.8  10.0   2:36p   ENE
25   9.8  18.9   3:41p   1.6   6:44a   8.4   0.0   0.0   2.2  11.0   3:24p   ENE
26  12.1  18.8   4:32p   5.4   8:29a   6.2   0.0   0.0   2.1  11.0   1:16p     E
27  11.9  21.8   2:24p   2.9   6:55a   6.4   0.3   0.0   1.6   8.0  12:55p   ENE
28  13.4  23.3   2:16p   5.8   6:34a   5.7   0.8   0.0   2.0  11.0   2:30p    NW
29  11.5  19.7   2:50p   6.7   2:48a   6.9   0.1   0.0   4.7  18.0   4:56p    NW
30   9.1  12.8   4:05p   6.9   4:17a   9.2   0.0   0.0   6.8  22.0   8:47p    NW
31   5.7  11.7   1:15p   0.0   6:54a  12.6   0.0   0.0   4.9  17.0   3:34p    NE
----------------------------------------------------------------------------------
     8.4  23.3    28    -2.2     5   307.4   1.2  18.4   3.9  32.0     4       W

Max >=  25.0:  0
Max <=   0.0:  0
Min <=   0.0:  3
Min <=  -2.0:  1
Max Rain: 5.2 on day 4
Days of Rain: 6 (>= 0.1 mm)  5 (>= 1.0 mm)  0 (>= 10.0 mm)
Heat Base: 18.3  Cool Base: 18.3  Method: Integration
:now::gauges::real time::current records::monthly records::all-time records::noaa report::trends::station::forum: