tamworth weather

 Latitude N 52 38' 53"    Longitude W 01 41' 24"    Elevation 84 m

NOAA Style Reports

The comparative data used are the 30-year (1971-2000) monthly averages from the Met Office Coleshill station, 11 miles due south of Tamworth.


Report for 2012 Jan
                   Monthly Climatological Summary for Jan 2012

Name: Tamworth Weather   City: Tamworth   County: Staffordshire   Country: UK
Elevation: 84 m  Lat: N 52 38' 53"   Lon: W 001 41' 24"

                  Temperature (C), Rain (mm), Wind Speed (mph)

                                      Heat  Cool        Avg
    Mean                              Deg   Deg         Wind                 Dom
Day Temp  High   Time   Low    Time   Days  Days  Rain  Speed High   Time    Dir
----------------------------------------------------------------------------------
 1   6.9  11.1  12:15p   2.4   7:44a  11.4   0.0   3.3   3.6  21.0  12:59p    SW
 2   6.6  11.7   8:52a   3.0   9:00a  12.0   0.0   2.7   4.1  31.0   4:17a    SW
 3   6.4  11.7   9:00a   4.8   2:55a  11.9   0.0   4.8   7.9  34.0  10:07p   WNW
 4   8.4  10.4   2:19a   5.0   8:20a   9.9   0.0  10.8   5.8  39.0   6:35a     W
 5   6.1   8.1  12:39p   3.3   7:40a  12.1   0.0   1.4  13.8  42.0   1:15p   WNW
 6   8.1  10.1  12:35a   3.6   9:17a   9.7   0.0   0.2   5.8  33.0   4:23a   WSW
 7   8.1   9.4  11:32a   7.3   8:55a  10.1   0.0   0.0   9.0  24.0  10:45p   WNW
 8   9.2  10.6   1:40p   7.2   9:12a   9.1   0.0   0.0   5.7  19.0  12:38a   WSW
 9   7.9  10.7  11:32a   5.1  10:55p  10.4   0.0   0.0   5.0  19.0  11:03a   WSW
10   9.4  11.4   2:07p   7.8   9:00a   8.9   0.0   0.0   5.5  23.0   5:35p   WSW
11  10.3  12.0   1:39p   8.3   9:00a   8.0   0.0   0.0   5.3  28.0   7:40a   WSW
12   5.6  11.0   9:04a   1.1   6:58a  12.7   0.0   0.0   7.5  27.0  11:01a   WNW
13   0.9   8.2   1:42p  -3.9   8:25a  17.1   0.0   0.0   1.4   6.0  12:01p   NNW
14  -0.2   5.0   2:19p  -3.2   9:00a  18.3   0.0   0.0   0.8   8.0   1:05p   ESE
15  -0.2   5.1   1:30p  -4.2   7:45a   0.0  18.5   0.0   1.9  11.0   2:00p     E
16  -0.5   6.3   1:45p  -3.7   5:36a  18.8   0.0   0.0   0.7   7.0   2:05p   ESE
17   2.7   8.2   8:58a  -3.1   9:00a  15.6   0.0   0.4   2.0  17.0   4:56a     S
18   7.7  11.6   2:14p   5.0  11:44p  10.6   0.0   1.2   3.9  14.0   2:36p   WSW
19   6.0   8.7  12:42p   3.9  10:34p  12.3   0.0   0.6   6.2  29.0   6:01p     W
20   8.8  11.3   5:57a   6.5   9:00a   9.4   0.0   4.2   7.1  29.0   3:59a   WSW
21   7.2  10.5   9:18a   5.2  12:41a  11.1   0.0   0.8  10.2  33.0   8:29a     W
22   6.6  10.4  11:45a   4.4  11:10p  11.7   0.0   0.0  10.7  46.0  10:01a     W
23   4.5   7.7   1:41p   2.1   2:00a  13.8   0.0   5.6   5.3  20.0   3:25p     W
24   8.6   9.8   3:00p   4.0   9:00a   9.7   0.0   0.4   3.2  12.0   1:36p   SSW
25   7.9  10.2   3:33p   4.6   7:20a   9.9   0.0   5.0   6.3  26.0  10:28p     S
26   3.9   6.7   2:10p   1.8  11:54p  14.4   0.0   0.2   5.4  25.0   1:33p    SW
27   3.6   7.8  12:58p   0.3   6:24a  14.7   0.0   1.0   5.6  24.0   1:39p     W
28   2.3   8.0  11:46a  -0.3   5:50a  16.0   0.0   0.0   2.7   9.0  11:22a    NW
29   1.1   3.1   1:43p  -2.0   7:30a  17.1   0.0   0.0   1.1   9.0   8:41p     E
30   1.2   6.3   1:37p  -1.1   9:00a  17.1   0.0   0.0   1.6  10.0   5:24a    NE
31  -0.5   1.4  12:19p  -2.8   6:21a  18.8   0.0   0.0   4.7  17.0   1:24p   ENE
----------------------------------------------------------------------------------
     5.3  12.0    11    -4.2    15   382.6  18.5  42.6   5.2  46.0    22       W

Max >=  25.0:  0
Max <=   0.0:  0
Min <=   0.0:  9
Min <=  -2.0:  7
Max Rain: 10.8 on day 4
Days of Rain: 16 (>= 0.1 mm)  10 (>= 1.0 mm)  1 (>= 10.0 mm)
Heat Base: 18.3  Cool Base: 18.3  Method: Integration
:now::gauges::real time::current records::monthly records::all-time records::noaa report::trends::station::forum: