tamworth weather

 Latitude N 52 38' 53"    Longitude W 01 41' 24"    Elevation 84 m

NOAA Style Reports

The comparative data used are the 30-year (1971-2000) monthly averages from the Met Office Coleshill station, 11 miles due south of Tamworth.


Report for 2011 Dec
                   Monthly Climatological Summary for Dec 2011

Name: Tamworth Weather   City: Tamworth   County: Staffordshire   Country: UK
Elevation: 90 m  Lat: N 52 38' 53"   Lon: W 001 41' 24"

                  Temperature (C), Rain (mm), Wind Speed (mph)

                                      Heat  Cool        Avg
    Mean                              Deg   Deg         Wind                 Dom
Day Temp  High   Time   Low    Time   Days  Days  Rain  Speed High   Time    Dir
----------------------------------------------------------------------------------
 1   7.3  11.5  12:09p   3.9  10:33p  11.0   0.0   3.0   2.9  19.0   1:51a    SW
 2   5.0   9.6  12:56p   1.0   7:04a  13.3   0.0   0.3   3.1  23.0  11:52p   SSW
 3   9.2  13.4  12:58p   6.8  11:50p   9.1   0.0   0.0   4.2  22.0  11:50a     W
 4   5.6   8.7  11:48a   1.5  11:54p  12.7   0.0   1.8   3.3  21.0  10:34p     W
 5   3.7   8.8  12:18p   1.5  12:00a  14.6   0.0   0.0   3.5  18.0   9:51a   WSW
 6   4.4   9.1   1:16p   1.2   6:33a  13.9   0.0   1.8   3.3  17.0   1:11p    SW
 7   6.1   9.6  12:51p   3.7  11:29p  12.2   0.0   4.2   4.3  30.0   3:31a   WNW
 8   7.4  13.3   1:55p   2.9   1:36a  10.9   0.0   2.7   5.9  37.0   2:36p    SW
 9   4.0   9.1   1:32p   2.0   8:32p  14.7   0.0   0.3   3.8  21.0   2:26p     W
10   2.9   8.7   1:08p  -0.9   7:51a  15.5   0.0   0.0   2.5  16.0   2:00a    SW
11   6.3   8.7  12:15p   3.7  12:00a  12.1   0.0   4.8   3.8  21.0  10:37a   SSW
12   5.4  10.0   1:08p   1.5   5:32a  12.9   0.0   5.1   4.4  27.0   8:05p   SSW
13   5.3  10.3   1:45a   3.0   6:41p  13.0   0.0   6.9   6.4  30.0   1:54a    SW
14   3.3   6.7  12:05p   2.1  11:57p  15.0   0.0   0.0   5.3  19.0  12:04a    SW
15   4.0   9.1  12:04p   1.9  12:04a  14.5   0.0   2.4   2.5  23.0   7:22a   WSW
16   1.8   4.8   1:14p   0.1  11:55p  16.5   0.0   0.9   2.3  16.0   3:58p   NNW
17   1.6   5.6  12:25p  -2.0   5:38a  16.8   0.0   2.1   2.0  15.0   8:12a   NNW
18   1.1   7.1   1:52p  -1.5   6:28p  17.2   0.0   0.3   1.3  14.0  11:43a   NNW
19   3.4   7.1  11:01p  -0.8   2:26a  14.9   0.0   3.0   2.7  17.0   4:23p    SW
20   6.0   7.1  12:58a   4.5   8:00a  12.3   0.0   1.8   2.8  19.0   5:36a    NW
21   9.3  12.5   1:42p   5.2  12:00a   9.0   0.0   0.6   1.6  16.0   4:57p     W
22  11.0  15.8  12:30p   9.2  12:45a  10.0   0.0   0.0   3.0  24.0   1:21a   WSW
23   5.7  11.0  12:07p   3.4   4:22a  12.6   0.0   5.7   5.8  26.0   1:37p    NW
24   8.7  10.7   7:39a   5.2   9:00a   9.5   0.0   0.0   4.1  20.0   2:57a   WSW
25  12.2  13.5   1:56p  10.6   9:00a   6.1   0.0   0.0   5.1  18.0   6:34p   WSW
26  10.7  13.4  11:16a   6.8   8:35a   7.6   0.0   0.0   4.8  20.0  12:21p   WSW
27   9.2  12.4  12:12p   7.2   8:44a   9.1   0.0   0.3   3.6  26.0   8:30a    SW
28   6.8  10.4  12:28p   5.5   1:16a  11.5   0.0   1.2   5.8  28.0  12:55p     W
29   6.1   9.8  12:38p   3.9   4:50a  12.2   0.0   2.7   5.0  29.0   1:42p   NNW
30   8.7  11.6   2:54a   5.0   9:00a   9.8   0.0   4.5   2.6  15.0   6:26a    SW
31  11.5  15.1   2:04p   9.1   7:32a   6.8   0.0   0.0   3.6  17.0   6:03a    SW
----------------------------------------------------------------------------------
     6.2  15.8    22    -2.0    17   377.3   0.0  56.4   3.7  37.0     8     WSW

Max >=  25.0:  0
Max <=   0.0:  0
Min <=   0.0:  4
Min <=  -2.0:  1
Max Rain: 6.9 on day 13
Days of Rain: 22 (>= 0.1 mm)  16 (>= 1.0 mm)  0 (>= 10.0 mm)
Heat Base: 18.3  Cool Base: 18.3  Method: Integration
:now::gauges::real time::current records::monthly records::all-time records::noaa report::trends::station::forum: