tamworth weather

 Latitude N 52 38' 53"    Longitude W 01 41' 24"    Elevation 84 m

NOAA Style Reports

The comparative data used are the 30-year (1971-2000) monthly averages from the Met Office Coleshill station, 11 miles due south of Tamworth.


Report for 2011 Aug
                   Monthly Climatological Summary for Aug 2011

Name: Tamworth Weather   City: Tamworth   County: Staffordshire   Country: UK
Elevation: 90 m  Lat: N 52 38' 53"   Lon: W 001 41' 24"

                  Temperature (C), Rain (mm), Wind Speed (mph)

                                      Heat  Cool        Avg
    Mean                              Deg   Deg         Wind                 Dom
Day Temp  High   Time   Low    Time   Days  Days  Rain  Speed High   Time    Dir
----------------------------------------------------------------------------------
 1  21.5  32.3   5:42p  17.0   5:29a   0.7   3.9   0.0   1.5  11.4   2:00p   SSW
 2  22.2  29.3   2:50p  17.8   5:45a   0.0   3.9   0.0   2.1  15.2  12:02p    SW
 3  22.7  31.3  12:59p  15.0   5:35a   0.6   5.0   0.0   1.8  13.6   5:30p    SW
 4  18.1  21.9   5:08p  14.6  10:53p   0.7   0.5   4.5   1.8  13.0   6:54p    SW
 5  19.0  28.5   4:52p  14.4  11:50p   1.5   2.2   0.0   2.0  15.9  12:28p     W
 6  16.5  24.9   3:45p  12.5  11:46p   2.6   0.7   0.3   2.0  17.4   6:08p   WSW
 7  15.2  21.6   5:29p  11.5   5:05a   3.4   0.3   7.8   3.3  19.0  11:05a    SW
 8  14.9  21.7   4:49p   9.8   5:02a   3.7   0.3   0.3   3.1  20.6   4:34p   WNW
 9  15.6  23.3   4:57p  11.0   4:18a   3.5   0.8   0.0   3.1  17.4  10:14a    NW
10  15.9  24.2   3:59p  10.5   1:48a   3.1   0.7   0.9   4.1  20.6   4:17p    SW
11  19.1  24.9   2:03p  15.8  12:00a   0.9   1.7   0.6   3.9  22.1  12:47p   WSW
12  18.2  22.3   2:14p  15.6   6:32a   0.9   0.9   1.5   1.2   9.8   9:15p     S
13  18.6  24.7   5:21p  14.7  11:27p   0.9   1.2   0.9   2.7  13.6   4:11p    SW
14  17.2  23.8   6:04p  13.2  11:59p   2.0   0.9   0.0   1.8  13.6   2:16p     W
15  16.3  25.0   4:16p   8.4   6:07a   3.1   1.1   0.0   2.3  14.5   2:13p   WSW
16  17.5  26.0   4:22p  12.5  11:57p   2.3   1.5   0.0   3.1  20.6   1:56p    SW
17  15.6  23.9  12:54p   8.1   5:45a   3.6   1.0   0.0   0.6  10.7   6:50p     N
18  13.2  21.9   4:37p   7.5   5:53a   5.3   0.2   0.0   0.6   9.2   3:50p     E
19  17.5  26.3   4:26p   9.0   4:57a   2.6   1.8   0.0   2.4  19.0   5:52p    SW
20  18.1  23.9  12:30p  12.8   6:09a   1.3   1.1   0.0   3.0  15.2  11:43a   SSW
21  19.4  29.2   2:23p  14.1  11:57p   1.1   2.2   0.0   1.9  13.9   9:07p   WSW
22  18.1  27.6   3:04p   3.4   6:18a   2.2   2.0   0.0   1.0  18.2   6:18a   ENE
23  17.2  26.1   3:43p  12.3   6:31a   2.4   1.3   0.3   1.0  12.1  10:57a   ENE
24  17.4  25.2   2:36p  12.1   6:28a   2.1   1.2   0.0   2.4  21.3   2:28p   SSW
25  14.9  23.8   2:55p   9.9   4:14a   4.0   0.6  15.3   1.6  15.2   5:08p   SSW
26  13.3  16.2   2:27p  11.4  12:40a   5.0   0.0   7.5   0.2   7.6   2:59p   NNE
27  14.5  21.8   1:55p  11.0   2:25a   3.8   0.1   4.8   1.8  17.4   5:54p     W
28  14.8  20.0   4:00p  11.6   4:41a   3.5   0.0   0.0   2.5  15.2  10:37a   WNW
29  13.1  17.1   3:46p  10.7   5:57a   5.2   0.0   0.3   2.6  15.9  10:19a   WNW
30  13.8  17.1   4:16p  11.5  12:39a   4.5   0.0   0.0   1.4  13.6   9:11a   WNW
31  14.8  21.0   3:29p   9.8  11:38p   3.9   0.4   0.0   0.5   6.9  12:18p   NNE
----------------------------------------------------------------------------------
    16.9  32.3     1     3.4    22    80.4  37.5  45.0   2.0  22.1    11     WSW

Max >=  25.0: 11
Max <=   0.0:  0
Min <=   0.0:  0
Min <=  -2.0:  0
Max Rain: 15.3 on day 25
Days of Rain: 13 (>= 0.1 mm)  6 (>= 1.0 mm)  1 (>= 10.0 mm)
Heat Base: 18.3  Cool Base: 18.3  Method: Integration
:now::gauges::real time::current records::monthly records::all-time records::noaa report::trends::station::forum: