tamworth weather

 Latitude N 52 38' 53"    Longitude W 01 41' 24"    Elevation 84 m

NOAA Style Reports

The comparative data used are the 30-year (1971-2000) monthly averages from the Met Office Coleshill station, 11 miles due south of Tamworth.


Report for 2011 May
                   Monthly Climatological Summary for May 2011

Name: Tamworth Weather   City: Tamworth   County: Staffordshire   Country: UK
Elevation: 90 m  Lat: N 52 38' 53"   Lon: W 001 41' 24"

                  Temperature (C), Rain (mm), Wind Speed (mph)

                                      Heat  Cool        Avg
    Mean                              Deg   Deg         Wind                 Dom
Day Temp  High   Time   Low    Time   Days  Days  Rain  Speed High   Time    Dir
----------------------------------------------------------------------------------
 1  13.4  21.5   4:20p   7.0   5:28a   4.9   0.0   0.0   5.1  23.5   3:39p     E
 2  10.8  17.5   1:43p   5.0  11:54p   7.5   0.0   0.0   5.3  26.6   4:08p     E
 3  10.4  20.8   4:16p   2.1   5:01a   7.9   0.0   0.0   3.3  19.0  12:08p     E
 4  11.2  22.3   3:27p  -0.5   5:39a   7.1   0.0   0.0   1.6  14.5  11:29a     E
 5  14.0  21.9   1:52p   7.3   5:55a   4.3   0.0   0.0   1.4  15.2   4:32p     S
 6  17.2  28.0   5:06p   9.4   5:22a   1.1   0.0   0.6   1.7  21.5   7:26p   SSW
 7  16.8  23.7   5:20p  13.1   2:32a   1.5   0.0  13.8   1.1  10.7   2:49p   SSE
 8  16.3  21.8   4:29p  11.4  11:27p   2.0   0.0   5.1   3.7  21.3   3:24p   SSW
 9  14.3  21.9   1:36p   8.5   3:41a   4.0   0.0   0.6   2.5  23.5   2:26p   SSW
10  14.0  20.7  12:43p   8.2  12:48a   4.3   0.0   0.6   3.1  16.8  11:05a   SSW
11  13.7  21.6   4:15p   9.8   1:55a   4.6   0.0   0.0   2.3  15.9   3:36p    SW
12  12.7  19.9   3:53p   8.3   3:46a   5.6   0.0   0.9   2.7  19.0   3:38p     W
13  12.1  17.5  11:19a   7.3   5:31a   6.2   0.0   0.3   2.8  15.9   2:25p    SW
14  11.1  18.2   3:04p   5.4   3:39a   7.2   0.0   0.3   3.4  22.1   2:20p    NW
15  11.9  16.3   4:18p   7.9   5:32a   6.4   0.0   0.0   2.9  15.9   3:11p     W
16  14.9  20.8   4:13p  12.2   5:37a   3.4   0.0   0.0   3.7  18.3  12:20p   WSW
17  15.1  19.9  12:00p  11.7   4:59a   3.2   0.0   0.0   3.1  13.6  12:30p    SW
18  13.9  18.8   4:32p   9.1  11:58p   4.4   0.0   3.0   3.0  16.8   7:31a    SW
19  13.7  22.0   3:40p   6.1   4:52a   4.6   0.0   0.0   1.3  10.7   3:42p     W
20  13.9  20.8   4:23p   9.2   3:16a   4.4   0.0   0.0   2.9  19.0   4:19p    SW
21  14.7  23.0   3:55p   6.8   4:30a   3.6   0.0   0.0   4.1  22.1  11:02p   SSW
22  14.1  19.5   2:01p   9.4   5:36a   4.2   0.0   1.8   5.2  25.9  12:17p   WSW
23  12.5  17.4   5:30p   9.1   2:37a   5.8   0.0   1.8   5.6  32.0  12:00p    SW
24  13.3  20.0   3:41p   7.1   4:43a   5.0   0.0   0.0   3.7  28.2   8:19a     W
25  13.6  20.8   5:47p   6.2   5:45a   4.7   0.0   0.0   3.0  18.3   3:26p   SSW
26  11.9  15.3  11:24a   9.7  11:57p   6.4   0.0   4.2   4.2  24.4   5:15p     W
27  12.7  19.0   4:54p   9.2   1:23a   5.6   0.0   0.0   3.2  16.8  12:30p    NW
----------------------------------------------------------------------------------
    13.5  28.0     6    -0.5     4   129.9   0.0  33.0   3.2  32.0    23      SW

Max >=  25.0:  1
Max <=   0.0:  0
Min <=   0.0:  1
Min <=  -2.0:  0
Max Rain: 13.8 on day 7
Days of Rain: 12 (>= 0.1 mm)  6 (>= 1.0 mm)  1 (>= 10.0 mm)
Heat Base: 18.3  Cool Base: 18.3  Method: Integration
:now::gauges::real time::current records::monthly records::all-time records::noaa report::trends::station::forum: