tamworth weather

 Latitude N 52 38' 53"    Longitude W 01 41' 24"    Elevation 84 m

NOAA Style Reports

The comparative data used are the 30-year (1971-2000) monthly averages from the Met Office Coleshill station, 11 miles due south of Tamworth.


Report for 2011 Mar
                   Monthly Climatological Summary for Mar 2011

Name: Tamworth Weather   City: Tamworth   County: Staffordshire   Country: UK
Elevation: 90 m  Lat: N 52 38' 53"   Lon: W 001 41' 24"

                  Temperature (C), Rain (mm), Wind Speed (mph)

                                      Heat  Cool        Avg
    Mean                              Deg   Deg         Wind                 Dom
Day Temp  High   Time   Low    Time   Days  Days  Rain  Speed High   Time    Dir
----------------------------------------------------------------------------------
 1   4.4   7.7  12:21p   2.6   4:35a  13.9   0.0   0.0   1.7  12.1   8:11p   ENE
 2   3.5   9.7   2:04p   0.7   7:55p  14.8   0.0   0.3   2.1  14.5   2:31a   ENE
 3   2.6   5.0   1:20p   1.0   5:35a  15.7   0.0   0.0   2.5  11.4   3:44p   ENE
 4   2.0   8.8   3:32p  -2.2   9:07p  16.3   0.0   0.0   1.4   9.2  11:02a   ENE
 5   2.5   6.9   1:22p  -3.0   3:27a  15.8   0.0   0.6   1.1  12.1   5:32p    NE
 6   3.8  11.8   1:57p  -1.3  10:52p  14.5   0.0   0.0   1.8  12.1   1:32p     E
 7   4.2  14.1   2:17p  -2.0  12:57a  14.1   0.0   0.0   0.9   9.2   2:27p     E
 8   4.5  13.2   2:47p  -4.3   5:47a  13.8   0.0   0.0   2.4  13.0   2:12p    SW
 9   7.9  12.9   1:52p   5.1  12:02a  10.4   0.0   0.3   4.3  21.3  11:32a   WSW
10  10.1  15.9   1:42p   4.9  11:37p   8.2   0.0   0.0   5.0  26.6  11:52a     W
11   7.9  12.9   4:26p   3.5   6:02a  10.4   0.0   0.0   5.4  19.7   5:11p    SW
12   9.5  15.7   2:18p   5.1   6:31a   8.8   0.0   0.3   2.5  13.6   1:43p     S
13   7.3  16.0   3:53p  -0.9  11:40p  11.0   0.0   3.6   1.4  11.4   8:33a    NW
14   4.9  15.2   2:23p  -2.9   5:16a  13.4   0.0   0.0   1.1  17.4   5:09p     E
15   8.1  11.6   2:54p   5.1  12:00a  10.2   0.0   0.0   2.1  11.4  10:34a     E
16   7.3   9.5   2:32p   3.8  11:58p  11.0   0.0   0.0   1.9   9.2   8:18p   ENE
17   6.9  14.1  11:58a   3.3   3:19a  11.4   0.0   0.0   1.5  13.0   1:27p   NNW
18   6.6  15.7   1:28p   0.2  11:58p  11.7   0.0   0.0   1.0  11.4   3:54p     N
19   7.1  18.2   3:07p  -2.5   4:30a  11.2   0.0   0.0   1.3   9.8   2:50p   SSW
20   9.7  14.5   2:55p   5.1   5:31a   8.6   0.0   0.0   2.2  14.5   2:33p   SSW
21  12.6  20.8   2:22p   7.9   6:39a   5.7   0.0   0.0   1.3  10.7   1:57a     W
22  12.1  22.0  12:52p   5.9   4:53a   6.2   0.0   0.0   0.8   7.6   1:01p     N
23  10.7  22.7   4:18p   3.1   5:44a   7.6   0.0   0.0   0.5   6.9   1:42p   ENE
24  10.6  22.2   1:53p   1.8   5:22a   7.7   0.0   0.0   0.8   9.2  11:33a     E
25  10.6  23.7   3:39p   2.3   6:06a   7.7   0.0   0.0   0.6   6.9  11:42a   NNE
26   7.3   9.5   2:53p   5.1   3:47a  11.0   0.0   0.0   2.4  13.6   7:25p   ENE
27   7.5  12.9   2:47p   4.7   6:19a  10.8   0.0   0.0   1.4  10.7   3:54a   ENE
28   7.4  18.1   4:32p  -0.9   7:17a  10.9   0.0   0.0   0.8   9.8   3:09p     S
29   9.9  16.8   3:04p   2.1   5:52a   8.4   0.0   0.3   0.7   9.8   3:08p   SSW
30  10.6  14.3   5:28p   8.7   3:49a   7.7   0.0   1.2   2.5  14.5   3:01p   SSW
31  13.6  20.6   3:08p   8.8   2:43a   4.7   0.0   2.7   4.7  27.3  11:12a    SW
----------------------------------------------------------------------------------
     7.5  23.7    25    -4.3     8   333.6   0.0   9.3   2.2  27.3    31     SSW

Max >=  25.0:  0
Max <=   0.0:  0
Min <=   0.0:  9
Min <=  -2.0:  6
Max Rain: 3.6 on day 13
Days of Rain: 8 (>= 0.1 mm)  3 (>= 1.0 mm)  0 (>= 10.0 mm)
Heat Base: 18.3  Cool Base: 18.3  Method: Integration
:now::gauges::real time::current records::monthly records::all-time records::noaa report::trends::station::forum: