tamworth weather

 Latitude N 52 38' 53"    Longitude W 01 41' 24"    Elevation 84 m

NOAA Style Reports

The comparative data used are the 30-year (1971-2000) monthly averages from the Met Office Coleshill station, 11 miles due south of Tamworth.


Report for 2011 Feb
                   Monthly Climatological Summary for Feb 2011

Name: Tamworth Weather   City: Tamworth   County: Staffordshire   Country: UK
Elevation: 90 m  Lat: N 52 38' 53"   Lon: W 001 41' 24"

                  Temperature (C), Rain (mm), Wind Speed (mph)

                                      Heat  Cool        Avg
    Mean                              Deg   Deg         Wind                 Dom
Day Temp  High   Time   Low    Time   Days  Days  Rain  Speed High   Time    Dir
----------------------------------------------------------------------------------
 1   5.6  14.6   1:58p  -0.6  12:18a  12.7   0.0   0.6   3.7  13.0   2:34p   WSW
 2   6.9  10.3   7:18p   3.2   3:38a  11.4   0.0   0.3   6.7  15.9  11:32a    SW
 3   7.5  14.2  12:52p   4.2   6:18a  10.8   0.0   0.0  10.3  32.0  10:31p    SW
 4  11.8  14.2  12:56p  10.7   2:18a   6.5   0.0   0.0  16.0  32.0   2:24p   WSW
 5  12.7  13.8  12:24p  12.1   1:03a   5.6   0.0   0.0  15.8  30.4  10:24a   WSW
 6  11.9  13.1  12:37p  10.3  11:42p   6.4   0.0   0.0  12.7  25.9   5:56p   WSW
 7   9.0  14.2  12:02p   4.3  11:57p   9.3   0.0   0.0  12.2  38.0   9:47a   WSW
 8   5.0  12.7   2:28p  -0.5   6:27a  13.3   0.0   0.3   3.1   9.8   1:23p   SSW
 9   8.2  12.6   1:47p   5.2  12:00a  10.1   0.0   0.3   6.7  14.5  10:07a   SSW
10   8.8  10.5  10:07a   6.2  11:52p   9.5   0.0   0.6   5.2  13.6   1:12a     S
11   9.1  15.2   3:11p   5.5   8:17a   9.2   0.0   0.9   2.4   8.3   1:03p     S
12   8.2  14.2   1:14p   3.1   9:29p  10.1   0.0   1.2   3.8  13.0   1:44p   WSW
13   7.0   9.0  12:14p   4.6  12:04a  11.3   0.0   4.5   7.3  22.1  11:29a   SSW
14   4.3  10.2   1:29p   0.0  11:35p  14.0   0.0   0.6   4.5  22.1   4:17p    SW
15   4.3   6.0   1:35p   0.1  12:00a  14.0   0.0   2.1   4.8  12.1  10:10a   SSE
16   4.4   8.0   1:50p   0.5   7:35a  13.9   0.0   0.3   3.0  12.1  11:00a   SSE
17   5.4  10.0   3:12p   2.6   2:15a  12.9   0.0   0.0   3.5   9.8   7:45a     E
18   4.5   6.6   3:52p   2.7   9:53p  13.8   0.0   0.0   4.3  15.9   5:34p   ESE
19   3.7   5.1   2:59p   2.2   5:20a  14.6   0.0  12.9   3.5  17.4   7:24a     E
20   3.8   4.3  12:10a   2.7  11:55p  14.5   0.0   0.0   3.4  10.7  11:35p     E
21   3.2   4.3   2:57p   2.5   4:10a  15.1   0.0   2.1   3.4  10.7   3:10a     E
22   5.9   8.5   1:16p   3.5  12:01a  12.4   0.0   0.0   2.9   9.2  12:21p   SSW
23   9.1  12.6   3:56p   6.0  12:01a   9.2   0.0   4.2   5.2  13.6   6:21a   SSW
24  10.5  17.6   1:00p   7.4   2:15a   7.8   0.0   0.0   4.0  15.9   2:24p    SW
25  10.7  13.2  11:11a   8.0  12:43a   7.6   0.0   6.0   6.0  18.3  12:33p   SSW
26   7.5  11.4   3:19p   4.2  11:46p  10.8   0.0   4.2   7.1  20.6   2:50p    NW
27   5.1   8.2  12:47p   2.5   6:59a  13.2   0.0   2.1   4.3  14.5   2:17p    NW
28   3.9   5.2  12:16a   2.6  10:15p  14.4   0.0   0.3   2.2  13.6   3:24p   NNE
----------------------------------------------------------------------------------
     7.1  17.6    24    -0.6     1   314.4   0.0  43.5   6.0  38.0     7      SW

Max >=  25.0:  0
Max <=   0.0:  0
Min <=   0.0:  3
Min <=  -2.0:  0
Max Rain: 12.9 on day 19
Days of Rain: 18 (>= 0.1 mm)  9 (>= 1.0 mm)  1 (>= 10.0 mm)
Heat Base: 18.3  Cool Base: 18.3  Method: Integration
:now::gauges::real time::current records::monthly records::all-time records::noaa report::trends::station::forum: