tamworth weather

 Latitude N 52 38' 53"    Longitude W 01 41' 24"    Elevation 84 m

NOAA Style Reports

The comparative data used are the 30-year (1971-2000) monthly averages from the Met Office Coleshill station, 11 miles due south of Tamworth.


Report for 2020 Nov
                   Monthly Climatological Summary for Nov 2020

Name: Tamworth Weather   City: Tamworth   County: Staffordshire   Country: UK
Elevation: 84 m  Lat: N 52 38' 52"   Lon: W 001 41' 23"

                  Temperature (C), Rain (mm), Wind Speed (mph)

                                      Heat  Cool        Avg
    Mean                              Deg   Deg         Wind                 Dom
Day Temp  High   Time   Low    Time   Days  Days  Rain  Speed High   Time    Dir
----------------------------------------------------------------------------------
 1  15.2  16.9   8:13p  11.6   8:58a   3.1   0.0   1.0  11.9  34.0  12:06a   SSW
 2   8.8  13.2   1:50p   5.1   8:15a   9.5   0.0   2.8   7.8  34.0   7:11p    SW
 3   5.7  10.5   1:28p   2.7   5:33a  12.6   0.0   0.0   4.0  23.0  12:03p     W
 4   7.5  12.1   1:05p   4.8  10:50p  10.8   0.0   0.0   2.3  13.0  12:03p    NW
 5   6.3  10.8   1:30p   0.7   8:05a  12.0   0.0   0.2   1.3  10.0  12:48p   WNW
 6   5.6   9.9   3:12p   0.9   7:12a  12.7   0.0   0.2   1.8  13.0  12:35p     E
 7   8.2  11.7  12:36p   2.6   9:00a  10.1   0.0   0.0   1.7   9.0  11:24p     E
 8  11.0  11.7   9:44p   9.7   9:00a   7.3   0.0   2.8   1.3   9.0   6:54a     E
 9  11.9  13.2   2:36p  10.7   6:55a   6.4   0.0   1.0   2.0  11.0   8:48p   ESE
10  10.6  13.8   2:56p   8.3  12:50a   7.7   0.0   0.2   3.8  16.0   8:44a     S
11  10.8  12.6   1:20p   8.4   3:26a   7.4   0.0   2.4   7.8  27.0   9:55p     S
12  10.2  11.9   1:18p   7.1   8:20a   8.1   0.0   2.0   6.5  22.0   6:36a     S
13   9.2  11.1  12:23p   7.9  10:54p   9.1   0.0   1.2   5.3  19.0   1:01p     S
14  11.7  13.4   1:48p   9.7   8:59a   6.6   0.0   4.0   8.2  27.0   8:56a     S
15   8.9  11.1  12:48p   6.5   5:05p   9.4   0.0   1.2   8.4  37.0   2:05p    SW
16  11.3  13.3  11:37p   8.6   9:05a   7.0   0.0   1.0   7.7  22.0   6:48p    SW
17  12.6  13.9   3:43p  11.2   3:26a   5.7   0.0   0.0   8.8  26.0  10:06p   SSW
18   9.9  13.7   1:32p   6.6   8:57a   8.4   0.0   3.2  10.1  31.0  11:25a   WSW
19   5.1   9.2   2:16p   2.3   3:06a  13.2   0.0   0.6   3.8  14.0   9:00a     W
20   9.7  11.1  10:37p   5.7   9:00a   8.6   0.0   0.2   7.4  23.0   7:14a   SSW
21   9.6  12.4   1:00p   5.1   8:20a   8.7   0.0   0.2   5.6  24.0  12:31p   WSW
22   4.8   9.6   2:22p   1.7   5:38a  13.5   0.0   0.2   3.0  13.0   2:26p   WSW
23   8.6  10.2   1:23a   3.1   9:00a   9.7   0.0   0.2   6.7  22.0   1:00a   SSW
24   9.8  11.7   2:08p   7.4   8:52a   8.5   0.0   1.4   6.7  22.0   3:23p     S
25   4.4   8.4   2:47p   0.6   5:58a  13.9   0.0   1.4   2.1  15.0   9:42a    NW
----------------------------------------------------------------------------------
     9.1  16.9     1     0.6    25   230.0   0.0  27.4   5.4  37.0    15     SSW

Max >=  25.0:  0
Max <=   0.0:  0
Min <=   0.0:  0
Min <=  -2.0:  0
Max Rain: 4.0 on day 14
Days of Rain: 21 (>= 0.1 mm)  13 (>= 1.0 mm)  0 (>= 10.0 mm)
Heat Base: 18.3  Cool Base: 18.3  Method: Integration
:now::gauges::real time::current records::monthly records::all-time records::noaa report::trends::station::forum: