tamworth weather

 Latitude N 52 38' 53"    Longitude W 01 41' 24"    Elevation 84 m

NOAA Style Reports

The comparative data used are the 30-year (1971-2000) monthly averages from the Met Office Coleshill station, 11 miles due south of Tamworth.


Report for 2019 Jan
                   Monthly Climatological Summary for Jan 2019

Name: Tamworth Weather   City: Tamworth   County: Staffordshire   Country: UK
Elevation: 84 m  Lat: N 52 38' 52"   Lon: W 001 41' 23"

                  Temperature (C), Rain (mm), Wind Speed (mph)

                                      Heat  Cool        Avg
    Mean                              Deg   Deg         Wind                 Dom
Day Temp  High   Time   Low    Time   Days  Days  Rain  Speed High   Time    Dir
----------------------------------------------------------------------------------
 1   4.3   9.6  11:52a  -0.1   4:46a  14.0   0.0   0.0   2.6  16.0   1:15p    NW
 2   3.4   5.1   1:50p   1.3   9:00a  14.9   0.0   0.0   0.8   5.0   9:25a    NW
 3   1.3   3.3  12:51p  -2.0   6:41a  17.0   0.0   0.0   1.1   6.0   1:47p   WSW
 4   2.3   3.5   8:56a  -1.4   9:06a  15.9   0.0   0.0   2.3  10.0   4:20a     W
 5   5.8   6.5   8:50p   3.5   9:00a  12.5   0.0   0.0   2.3   9.0   3:49p     W
 6   8.1   9.8   1:14p   6.1   6:45a  10.2   0.0   0.0   3.0  11.0  12:42p   WSW
 7   8.8  11.6   1:24p   5.9   8:35a   9.5   0.0   0.0   8.1  30.0   6:10a     W
 8   4.0   8.2  12:08p   0.7   5:47a  14.3   0.0   0.0   5.2  23.0  11:49a    NW
 9   1.8   4.8  12:31p   0.2   2:31a  16.3   0.0   0.0   2.9  14.0   2:10p    NW
10   5.7   7.2   9:09p   1.6   9:00a  12.6   0.0   0.0   3.6  17.0   8:25p    NW
11   7.4   9.1   5:43a   4.3   9:00a  10.9   0.0   0.2   4.4  20.0   5:40a     W
12   9.5  10.9   9:55p   8.2   9:00a   8.8   0.0   0.0   8.5  27.0   9:46p     W
13   8.4  11.9   2:55p   6.0   7:30a   9.9   0.0   0.2   9.5  38.0   4:48p   WNW
14   6.2   7.9  11:02a   4.3  10:46p  12.1   0.0   0.0   4.9  18.0  10:25a   WSW
15   8.3   9.7  12:19p   6.5   9:00a  10.0   0.0   0.4   6.4  21.0   2:54a    SW
16   3.9   8.8  11:06a   0.2   8:20a  14.4   0.0   2.2   4.7  20.0   6:01a     W
17   1.1   5.0   2:57p  -1.6   6:29a  17.2   0.0   0.0   3.1  22.0  11:03a   WNW
18   3.0   4.7   2:32p   0.7   9:00a  15.3   0.0   1.8   5.8  25.0   8:53p   SSE
19   2.8   3.4   1:04p   1.9   7:26a  15.5   0.0   0.6   2.2  13.0   9:29a   ESE
----------------------------------------------------------------------------------
     5.1  11.9    13    -2.0     3   251.3   0.0   5.4   4.3  38.0    13       W

Max >=  25.0:  0
Max <=   0.0:  0
Min <=   0.0:  4
Min <=  -2.0:  1
Max Rain: 2.2 on day 16
Days of Rain: 6 (>= 0.1 mm)  2 (>= 1.0 mm)  0 (>= 10.0 mm)
Heat Base: 18.3  Cool Base: 18.3  Method: Integration
:now::gauges::real time::current records::monthly records::all-time records::noaa report::trends::station::forum: