tamworth weather

 Latitude N 52 38' 53"    Longitude W 01 41' 24"    Elevation 84 m

NOAA Style Reports

The comparative data used are the 30-year (1971-2000) monthly averages from the Met Office Coleshill station, 11 miles due south of Tamworth.


Report for 2018 Apr
                   Monthly Climatological Summary for Apr 2018

Name: Tamworth Weather   City: Tamworth   County: Staffordshire   Country: UK
Elevation: 84 m  Lat: N 52 38' 52"   Lon: W 001 41' 23"

                  Temperature (C), Rain (mm), Wind Speed (mph)

                                      Heat  Cool        Avg
    Mean                              Deg   Deg         Wind                 Dom
Day Temp  High   Time   Low    Time   Days  Days  Rain  Speed High   Time    Dir
----------------------------------------------------------------------------------
 1   4.3   7.4  11:46a   1.0   4:48a  14.1   0.0  10.0   5.7  18.0   2:34a   ENE
 2   9.6  11.6   5:44p   5.2  10:00a   8.7   0.0   1.0   5.6  21.0   4:37p     S
 3   9.5  14.0  12:47p   6.6   1:50a   8.8   0.0   2.4   5.5  24.0   3:59p     S
 4   6.2  11.2  12:17p   1.7   6:23a  11.5   0.0   2.4   6.8  25.0  12:01a   WNW
 5   7.4  11.6   3:12p   3.3   3:57a  10.9   0.0   0.0   5.0  18.0   8:40a   SSE
 6  10.2  15.6   4:26p   6.2   6:27a   8.1   0.0   0.2   4.9  25.0   3:21p   SSE
 7   9.8  14.1   4:09p   6.8   7:01a   8.5   0.0   0.0   3.1  14.0  11:10a   WNW
 8   8.5  11.4   2:57p   5.5   2:38a   9.8   0.0   0.2   0.9   6.0   9:21a    NE
 9   7.9  10.8   2:08p   6.2   5:57a  10.4   0.0  10.0   5.6  15.0   8:32p   ENE
10   7.8   8.7   6:57p   5.8   9:43a  10.5   0.0   0.6   5.1  19.0   9:39a    NE
11   5.9   6.9   5:11p   5.2   1:05a  12.3   0.0   1.6   6.2  17.0   1:36p    NE
12   5.7   6.4   2:48p   5.3   1:26a  12.6   0.0   4.8   4.4  18.0  12:47p    NE
13   8.8  12.1   9:59a   6.2  10:00a   9.5   0.0   0.4   2.8  10.0   2:08p    SW
14  12.0  17.3   4:09p   7.5   3:58a   6.3   0.0   0.0   3.3  16.0   9:41a    SE
15  10.6  13.6   2:34p   7.7   5:55a   7.7   0.0   0.6   6.1  20.0   4:16p     S
16  11.6  14.0   2:54p  10.0   2:51a   6.7   0.0   0.0   8.5  25.0   9:32a     S
17  13.3  15.2   9:59a  12.6  12:56a   5.0   0.0   0.4   8.3  31.0   1:24p     S
18  16.6  23.1   5:37p  10.2   5:56a   2.7   1.1   0.0   4.2  20.0   6:51p   SSE
19  18.1  27.8   1:08p  10.0   5:39a   3.1   2.9   0.0   3.3  13.0   3:13p     W
20  14.3  22.0   3:45p   7.3   5:01a   4.6   0.6   0.0   2.7  14.0  11:46a    NW
----------------------------------------------------------------------------------
     9.9  27.8    19     1.0     1   171.8   4.6  34.6   4.9  31.0    17     SSE

Max >=  25.0:  1
Max <=   0.0:  0
Min <=   0.0:  0
Min <=  -2.0:  0
Max Rain: 10.0 on day 1
Days of Rain: 13 (>= 0.1 mm)  7 (>= 1.0 mm)  2 (>= 10.0 mm)
Heat Base: 18.3  Cool Base: 18.3  Method: Integration
:now::gauges::real time::current records::monthly records::all-time records::noaa report::trends::station::forum: