tamworth weather

 Latitude N 52 38' 53"    Longitude W 01 41' 24"    Elevation 84 m

NOAA Style Reports

The comparative data used are the 30-year (1971-2000) monthly averages from the Met Office Coleshill station, 11 miles due south of Tamworth.


Report for 2020 Sep
                   Monthly Climatological Summary for Sep 2020

Name: Tamworth Weather   City: Tamworth   County: Staffordshire   Country: UK
Elevation: 84 m  Lat: N 52 38' 52"   Lon: W 001 41' 23"

                  Temperature (C), Rain (mm), Wind Speed (mph)

                                      Heat  Cool        Avg
    Mean                              Deg   Deg         Wind                 Dom
Day Temp  High   Time   Low    Time   Days  Days  Rain  Speed High   Time    Dir
----------------------------------------------------------------------------------
 1  15.3  19.6   2:45p  10.7   5:48a   3.0   0.1   0.0   2.6  13.0   9:57a   SSE
 2  15.9  18.1  12:42p  14.1   3:23p   2.4   0.0   7.6   6.7  22.0  12:50p   SSW
 3  15.7  20.4   5:15p  12.3   6:56a   2.8   0.2   0.2   5.5  21.0   3:11p   WSW
 4  13.4  16.4  11:58a  10.1   5:50a   4.9   0.0   0.0   5.0  17.0  12:35p   WSW
 5  13.4  18.1   3:50p   9.9   6:47a   4.9   0.0   0.0   4.2  19.0   6:11p     W
 6  13.7  20.1   2:56p  10.7   3:48a   4.6   0.0   1.8   2.0  12.0  12:53p   WNW
 7  16.4  18.6   9:55a  12.9  10:00a   1.9   0.0   0.2   4.4  19.0   2:00p    SW
 8  19.4  24.6   4:25p  15.5   9:59a   0.8   1.8   0.2   5.2  18.0   6:03p    SW
 9  14.1  20.7   1:52p   9.7   4:59a   4.5   0.3   0.2   3.3  20.0   5:03p    NW
10  12.9  15.7   3:52p  10.0   4:46a   5.3   0.0   0.0   2.9  16.0   9:46a    SW
11  14.7  17.7   4:42p  12.4   7:03a   3.6   0.0   0.2   6.0  19.0   1:35p    SW
12  15.9  19.6   4:09p  13.2   1:37a   2.5   0.1   0.0   5.3  18.0   1:45p    SW
13  17.7  24.2   5:00p  11.8   7:37a   2.1   1.5   0.0   3.8  17.0   1:48p   SSW
14  19.2  26.7   4:06p  12.3   6:39a   1.8   2.6   0.0   1.4  10.0   2:01p     S
15  21.3  29.8   3:29p  14.7   6:48a   0.8   3.8   0.0   2.1  11.0   9:58a   ENE
16  14.7  20.8  12:14p  11.2   7:06a   3.8   0.2   0.0   6.6  19.0   4:48p    NE
17  13.1  19.6   4:04p   7.6   6:58a   5.3   0.1   0.2   4.8  16.0  12:09p   ENE
18  14.2  19.5   2:50p  10.7   1:50a   4.2   0.1   0.0   7.4  24.0  12:29p   ENE
19  15.4  20.7   3:06p  12.1   7:12a   3.2   0.3   0.0   7.9  27.0   4:02p    NE
20  13.5  20.6   3:30p   8.5   6:16a   5.0   0.2   0.0   3.6  18.0  10:15a    NE
21  17.2  25.7   4:15p  11.6  10:00a   2.6   1.4   0.0   1.6   9.0   3:19p     W
22  17.5  23.2   2:13p  14.3   6:26a   1.8   1.0   0.0   5.5  21.0   3:52p   SSW
23  10.8  14.9   3:33p   7.5   2:53a   7.5   0.0   2.6   4.9  18.0   8:02a   WSW
24   8.6  13.0   2:11p   5.9  11:48p   9.7   0.0   0.6   5.1  25.0   8:57a     W
25   9.6  14.7   2:05p   4.8   6:04a   8.7   0.0   0.0   8.4  34.0  12:26p    NW
26  10.1  12.8   1:04p   6.7   8:04a   8.2   0.0   0.0   7.1  21.0  10:28a   NNW
----------------------------------------------------------------------------------
    14.8  29.8    15     4.8    25   105.9  13.7  13.8   4.7  34.0    25     WSW

Max >=  25.0:  3
Max <=   0.0:  0
Min <=   0.0:  0
Min <=  -2.0:  0
Max Rain: 7.6 on day 2
Days of Rain: 10 (>= 0.1 mm)  3 (>= 1.0 mm)  0 (>= 10.0 mm)
Heat Base: 18.3  Cool Base: 18.3  Method: Integration
:now::gauges::real time::current records::monthly records::all-time records::noaa report::trends::station::forum: